{"id":18922,"date":"2022-04-04T10:45:34","date_gmt":"2022-04-04T10:45:34","guid":{"rendered":"https:\/\/electrovalcorp.com\/ecommerce\/?post_type=product&#038;p=18922"},"modified":"2025-10-06T14:40:59","modified_gmt":"2025-10-06T14:40:59","slug":"alicates-de-tuberia-cobra-xs-knipex-87-00-100","status":"publish","type":"product","link":"https:\/\/electrovalcorp.com\/ecommerce\/producto\/alicates-de-tuberia-cobra-xs-knipex-87-00-100\/","title":{"rendered":"Alicates de tuber\u00eda cobra\u00ae XS KNIPEX 87 00 100"},"content":{"rendered":"<ul class=\"product--variation-field--variation_field_product_desc_highlighted__23887 field field--name-field-product-desc-highlighted field--type-text-long field--label-hidden field__items\">\n<li class=\"field__item\">Acceso \u00f3ptimo a espacios estrechos: dise\u00f1o extremadamente compacto, cabezal muy delgado<\/li>\n<li class=\"field__item\">El ajuste preciso con una sola mano permite un ajuste de mand\u00edbula sin problemas y un ajuste a diferentes tama\u00f1os de detalle<\/li>\n<li class=\"field__item\">Agarre firme durante toda la vida \u00fatil de la herramienta debido a la resistencia al desgaste<\/li>\n<\/ul>\n<ul class=\"product--variation-field--variation_field_product_description__23887 field field--name-field-product-description field--type-text-long field--label-hidden field__items\">\n<li class=\"field__item\">Rango de agarre \u2013 promedio. 28 mm (1 pulgada), tama\u00f1o de llave de hasta 24 mm \u2013 solo 100 mm de longitud<\/li>\n<li class=\"field__item\">Junta deslizante: calidad y durabilidad gracias a la doble. Guiar<\/li>\n<li class=\"field__item\">Superficies de agarre con dientes especialmente endurecidos: aprox. 60 HRC<\/li>\n<li class=\"field__item\">Autosujeci\u00f3n en tuber\u00edas y tuercas: no se deslice del objeto agarrado; requieren el uso de poca fuerza<\/li>\n<li class=\"field__item\">Protecci\u00f3n para presionar los dedos para evitar cortes<\/li>\n<li class=\"field__item\">11 posiciones de ajuste para un ajuste preciso<\/li>\n<\/ul>\n","protected":false},"excerpt":{"rendered":"<p>Acceso \u00f3ptimo a espacios estrechos: dise\u00f1o extremadamente compacto, cabezal muy delgado El ajuste preciso con una sola mano permite un ajuste de mand\u00edbula sin problemas y un ajuste a diferentes tama\u00f1os de detalle Agarre firme durante toda la vida \u00fatil de la herramienta debido a la resistencia al desgaste Rango de agarre \u2013 promedio. 28 [&hellip;]<\/p>\n","protected":false},"featured_media":18923,"comment_status":"open","ping_status":"closed","template":"","meta":[],"product_brand":[],"product_cat":[193,198],"product_tag":[],"class_list":{"0":"post-18922","1":"product","2":"type-product","3":"status-publish","4":"has-post-thumbnail","6":"product_cat-herramienta-manual","7":"product_cat-knipex","9":"first","10":"instock","11":"taxable","12":"shipping-taxable","13":"purchasable","14":"product-type-simple","15":"add-to-wishlist-after_add_to_cart"},"aioseo_notices":[],"_links":{"self":[{"href":"https:\/\/electrovalcorp.com\/ecommerce\/wp-json\/wp\/v2\/product\/18922","targetHints":{"allow":["GET"]}}],"collection":[{"href":"https:\/\/electrovalcorp.com\/ecommerce\/wp-json\/wp\/v2\/product"}],"about":[{"href":"https:\/\/electrovalcorp.com\/ecommerce\/wp-json\/wp\/v2\/types\/product"}],"replies":[{"embeddable":true,"href":"https:\/\/electrovalcorp.com\/ecommerce\/wp-json\/wp\/v2\/comments?post=18922"}],"wp:featuredmedia":[{"embeddable":true,"href":"https:\/\/electrovalcorp.com\/ecommerce\/wp-json\/wp\/v2\/media\/18923"}],"wp:attachment":[{"href":"https:\/\/electrovalcorp.com\/ecommerce\/wp-json\/wp\/v2\/media?parent=18922"}],"wp:term":[{"taxonomy":"product_brand","embeddable":true,"href":"https:\/\/electrovalcorp.com\/ecommerce\/wp-json\/wp\/v2\/product_brand?post=18922"},{"taxonomy":"product_cat","embeddable":true,"href":"https:\/\/electrovalcorp.com\/ecommerce\/wp-json\/wp\/v2\/product_cat?post=18922"},{"taxonomy":"product_tag","embeddable":true,"href":"https:\/\/electrovalcorp.com\/ecommerce\/wp-json\/wp\/v2\/product_tag?post=18922"}],"curies":[{"name":"wp","href":"https:\/\/api.w.org\/{rel}","templated":true}]}}