{"id":19093,"date":"2022-10-03T19:54:45","date_gmt":"2022-10-03T19:54:45","guid":{"rendered":"https:\/\/electrovalcorp.com\/ecommerce\/?post_type=product&#038;p=19093"},"modified":"2025-12-02T14:36:48","modified_gmt":"2025-12-02T14:36:48","slug":"banda-de-enfriamiento-de-cuello-y-cara-azul-60439-klein-tools","status":"publish","type":"product","link":"https:\/\/electrovalcorp.com\/ecommerce\/producto\/banda-de-enfriamiento-de-cuello-y-cara-azul-60439-klein-tools\/","title":{"rendered":"Bandana para cuello y cara, azul 60439 Klein tools"},"content":{"rendered":"<ul class=\"features-list\">\n<li>Esta banda de enfriamiento est\u00e1 dise\u00f1ada con tejido de punto de rendimiento s\u00faper evaporativo<\/li>\n<li>Ajuste seguro y no se desenredar\u00e1 con extremos el\u00e1sticos cosidos<\/li>\n<li>Tratamiento antiolores para una frescura duradera<\/li>\n<li>La tela sin costuras y que absorbe la humedad se puede usar h\u00fameda o seca<\/li>\n<li>Cuando est\u00e1 mojado, el enfriamiento es instant\u00e1neo y puede durar horas<\/li>\n<li>Protecci\u00f3n solar UPF 50+ contra los da\u00f1inos rayos UV<\/li>\n<li>La banda de enfriamiento vers\u00e1til se puede usar de muchas maneras<\/li>\n<li>Se puede usar solo o debajo de un casco<\/li>\n<li>Una talla se adapta a la mayor\u00eda<\/li>\n<li>Acentos reflectantes<\/li>\n<li>Lavable a m\u00e1quina<\/li>\n<\/ul>\n","protected":false},"excerpt":{"rendered":"<p>Esta banda de enfriamiento est\u00e1 dise\u00f1ada con tejido de punto de rendimiento s\u00faper evaporativo Ajuste seguro y no se desenredar\u00e1 con extremos el\u00e1sticos cosidos Tratamiento antiolores para una frescura duradera La tela sin costuras y que absorbe la humedad se puede usar h\u00fameda o seca Cuando est\u00e1 mojado, el enfriamiento es instant\u00e1neo y puede durar [&hellip;]<\/p>\n","protected":false},"featured_media":19083,"comment_status":"open","ping_status":"closed","template":"","meta":[],"product_brand":[],"product_cat":[197,201,192],"product_tag":[],"class_list":{"0":"post-19093","1":"product","2":"type-product","3":"status-publish","4":"has-post-thumbnail","6":"product_cat-accesorios","7":"product_cat-klein-tools","8":"product_cat-seguridad-ocupacional","10":"first","11":"instock","12":"taxable","13":"shipping-taxable","14":"purchasable","15":"product-type-simple","16":"add-to-wishlist-after_add_to_cart"},"aioseo_notices":[],"_links":{"self":[{"href":"https:\/\/electrovalcorp.com\/ecommerce\/wp-json\/wp\/v2\/product\/19093","targetHints":{"allow":["GET"]}}],"collection":[{"href":"https:\/\/electrovalcorp.com\/ecommerce\/wp-json\/wp\/v2\/product"}],"about":[{"href":"https:\/\/electrovalcorp.com\/ecommerce\/wp-json\/wp\/v2\/types\/product"}],"replies":[{"embeddable":true,"href":"https:\/\/electrovalcorp.com\/ecommerce\/wp-json\/wp\/v2\/comments?post=19093"}],"wp:featuredmedia":[{"embeddable":true,"href":"https:\/\/electrovalcorp.com\/ecommerce\/wp-json\/wp\/v2\/media\/19083"}],"wp:attachment":[{"href":"https:\/\/electrovalcorp.com\/ecommerce\/wp-json\/wp\/v2\/media?parent=19093"}],"wp:term":[{"taxonomy":"product_brand","embeddable":true,"href":"https:\/\/electrovalcorp.com\/ecommerce\/wp-json\/wp\/v2\/product_brand?post=19093"},{"taxonomy":"product_cat","embeddable":true,"href":"https:\/\/electrovalcorp.com\/ecommerce\/wp-json\/wp\/v2\/product_cat?post=19093"},{"taxonomy":"product_tag","embeddable":true,"href":"https:\/\/electrovalcorp.com\/ecommerce\/wp-json\/wp\/v2\/product_tag?post=19093"}],"curies":[{"name":"wp","href":"https:\/\/api.w.org\/{rel}","templated":true}]}}

<ul class="features-list">
<li>Esta banda de enfriamiento está diseñada con tejido de punto de rendimiento súper evaporativo</li>
<li>Ajuste seguro y no se desenredará con extremos elásticos cosidos</li>
<li>Tratamiento antiolores para una frescura duradera</li>
<li>La tela sin costuras y que absorbe la humedad se puede usar húmeda o seca</li>
<li>Cuando está mojado, el enfriamiento es instantáneo y puede durar horas</li>
<li>Protección solar UPF 50+ contra los dañinos rayos UV</li>
<li>La banda de enfriamiento versátil se puede usar de muchas maneras</li>
<li>Se puede usar solo o debajo de un casco</li>
<li>Una talla se adapta a la mayoría</li>
<li>Acentos reflectantes</li>
<li>Lavable a máquina</li>
</ul>

<p>Esta banda de enfriamiento está diseñada con tejido de punto de rendimiento súper evaporativo Ajuste seguro y no se desenredará con extremos elásticos cosidos Tratamiento antiolores para una frescura duradera La tela sin costuras y que absorbe la humedad se puede usar húmeda o seca Cuando está mojado, el enfriamiento es instantáneo y puede durar [&hellip;]</p>
