{"id":19499,"date":"2023-07-18T14:05:05","date_gmt":"2023-07-18T14:05:05","guid":{"rendered":"https:\/\/electrovalcorp.com\/ecommerce\/?post_type=product&#038;p=19499"},"modified":"2026-02-25T14:53:45","modified_gmt":"2026-02-25T14:53:45","slug":"analizador-de-circuitos-afci-y-gfci-rt390-klein-tools","status":"publish","type":"product","link":"https:\/\/electrovalcorp.com\/ecommerce\/producto\/analizador-de-circuitos-afci-y-gfci-rt390-klein-tools\/","title":{"rendered":"Analizador de circuitos AFCI y GFCI RT390 klein tools"},"content":{"rendered":"<ul class=\"features-list no-indent\">\n<li><span dir=\"auto\" style=\"vertical-align: inherit;\"><span dir=\"auto\" style=\"vertical-align: inherit;\">Analizador de circuitos con grandes pantallas LCD a color, resultados f\u00e1ciles de entender para fallas de cableado, AFCI, GFCI, ca\u00eddas de voltaje y dispositivos de tiempo de disparo.<\/span><\/span><\/li>\n<li><span dir=\"auto\" style=\"vertical-align: inherit;\"><span dir=\"auto\" style=\"vertical-align: inherit;\">Detectar e identificar fallos comunes de cableado en enchufes el\u00e9ctricos est\u00e1ndar, AFCI y GFCI<\/span><\/span><\/li>\n<li><span dir=\"auto\" style=\"vertical-align: inherit;\"><span dir=\"auto\" style=\"vertical-align: inherit;\">Detecta fallas de cableado duales (neutro abierto\/tierra abierta)<\/span><\/span><\/li>\n<li><span dir=\"auto\" style=\"vertical-align: inherit;\"><span dir=\"auto\" style=\"vertical-align: inherit;\">Inspeccionar los dispositivos AFCI y GFCI; Incluye tiempo de viaje y corriente de viaje.<\/span><\/span><\/li>\n<li><span dir=\"auto\" style=\"vertical-align: inherit;\"><span dir=\"auto\" style=\"vertical-align: inherit;\">Prueba de carga de 12A, 15A y 20A para medir ca\u00eddas de voltaje porcentuales<\/span><\/span><\/li>\n<li><span dir=\"auto\" style=\"vertical-align: inherit;\"><span dir=\"auto\" style=\"vertical-align: inherit;\">Se apaga autom\u00e1ticamente despu\u00e9s de 5 minutos de inactividad para conservar la vida \u00fatil de la bater\u00eda.<\/span><\/span><\/li>\n<li><span dir=\"auto\" style=\"vertical-align: inherit;\"><span dir=\"auto\" style=\"vertical-align: inherit;\">Cable desmontable para un f\u00e1cil almacenamiento.<\/span><\/span><\/li>\n<li><span dir=\"auto\" style=\"vertical-align: inherit;\"><span dir=\"auto\" style=\"vertical-align: inherit;\">Para uso con enchufes el\u00e9ctricos de 120 hilos de 3 V CA de Am\u00e9rica del Norte<\/span><\/span><\/li>\n<li><span dir=\"auto\" style=\"vertical-align: inherit;\"><span dir=\"auto\" style=\"vertical-align: inherit;\">Clasificaci\u00f3n de seguridad: CAT III 135V<\/span><\/span><\/li>\n<\/ul>\n","protected":false},"excerpt":{"rendered":"<p>Analizador de circuitos con grandes pantallas LCD a color, resultados f\u00e1ciles de entender para fallas de cableado, AFCI, GFCI, ca\u00eddas de voltaje y dispositivos de tiempo de disparo. Detectar e identificar fallos comunes de cableado en enchufes el\u00e9ctricos est\u00e1ndar, AFCI y GFCI Detecta fallas de cableado duales (neutro abierto\/tierra abierta) Inspeccionar los dispositivos AFCI y [&hellip;]<\/p>\n","protected":false},"featured_media":19486,"comment_status":"open","ping_status":"closed","template":"","meta":[],"product_brand":[],"product_cat":[201],"product_tag":[],"class_list":{"0":"post-19499","1":"product","2":"type-product","3":"status-publish","4":"has-post-thumbnail","6":"product_cat-klein-tools","8":"first","9":"instock","10":"taxable","11":"shipping-taxable","12":"purchasable","13":"product-type-simple","14":"add-to-wishlist-after_add_to_cart"},"aioseo_notices":[],"_links":{"self":[{"href":"https:\/\/electrovalcorp.com\/ecommerce\/wp-json\/wp\/v2\/product\/19499","targetHints":{"allow":["GET"]}}],"collection":[{"href":"https:\/\/electrovalcorp.com\/ecommerce\/wp-json\/wp\/v2\/product"}],"about":[{"href":"https:\/\/electrovalcorp.com\/ecommerce\/wp-json\/wp\/v2\/types\/product"}],"replies":[{"embeddable":true,"href":"https:\/\/electrovalcorp.com\/ecommerce\/wp-json\/wp\/v2\/comments?post=19499"}],"wp:featuredmedia":[{"embeddable":true,"href":"https:\/\/electrovalcorp.com\/ecommerce\/wp-json\/wp\/v2\/media\/19486"}],"wp:attachment":[{"href":"https:\/\/electrovalcorp.com\/ecommerce\/wp-json\/wp\/v2\/media?parent=19499"}],"wp:term":[{"taxonomy":"product_brand","embeddable":true,"href":"https:\/\/electrovalcorp.com\/ecommerce\/wp-json\/wp\/v2\/product_brand?post=19499"},{"taxonomy":"product_cat","embeddable":true,"href":"https:\/\/electrovalcorp.com\/ecommerce\/wp-json\/wp\/v2\/product_cat?post=19499"},{"taxonomy":"product_tag","embeddable":true,"href":"https:\/\/electrovalcorp.com\/ecommerce\/wp-json\/wp\/v2\/product_tag?post=19499"}],"curies":[{"name":"wp","href":"https:\/\/api.w.org\/{rel}","templated":true}]}}