{"id":19563,"date":"2023-07-18T18:33:58","date_gmt":"2023-07-18T18:33:58","guid":{"rendered":"https:\/\/electrovalcorp.com\/ecommerce\/?post_type=product&#038;p=19563"},"modified":"2025-05-15T17:02:34","modified_gmt":"2025-05-15T17:02:34","slug":"llave-alicate-ajustable-de10-pulgadas-cabeza-reversible-d53010-klein-tools","status":"publish","type":"product","link":"https:\/\/electrovalcorp.com\/ecommerce\/producto\/llave-alicate-ajustable-de10-pulgadas-cabeza-reversible-d53010-klein-tools\/","title":{"rendered":"Llave alicate, ajustable de10 pulgadas cabeza reversible D53010 Klein tools"},"content":{"rendered":"<ul class=\"features-list no-indent\">\n<li>La llave alicate cuenta con mordazas paralelas para un agarre seguro y suave de tuercas, pernos y piezas de trabajo diversas sin causar da\u00f1os ni reacciones violentas<\/li>\n<li>La mand\u00edbula reversible proporciona dientes moleteados cuando se necesita una mordida adicional, como cuando se trabaja con conductos (dise\u00f1o pendiente de patente)<\/li>\n<li>El ajuste de la palanca del mango minimiza el recorrido de la mano y permite el ajuste en espacios confinados<\/li>\n<li>La alta relaci\u00f3n de palanca proporciona un agarre excepcional al sostener o doblar varias piezas de trabajo<\/li>\n<li>Forjado con acero para herramientas hecho a medida en los Estados Unidos<\/li>\n<li>Apertura m\u00e1xima de la mand\u00edbula de 2 pulgadas y 20 posiciones de ajuste para una m\u00e1xima versatilidad<\/li>\n<li>Mand\u00edbula de repuesto disponible (N\u00ba de cat. 53010J)<\/li>\n<\/ul>\n","protected":false},"excerpt":{"rendered":"<p>La llave alicate cuenta con mordazas paralelas para un agarre seguro y suave de tuercas, pernos y piezas de trabajo diversas sin causar da\u00f1os ni reacciones violentas La mand\u00edbula reversible proporciona dientes moleteados cuando se necesita una mordida adicional, como cuando se trabaja con conductos (dise\u00f1o pendiente de patente) El ajuste de la palanca del [&hellip;]<\/p>\n","protected":false},"featured_media":19544,"comment_status":"open","ping_status":"closed","template":"","meta":[],"product_brand":[],"product_cat":[193,201],"product_tag":[],"class_list":{"0":"post-19563","1":"product","2":"type-product","3":"status-publish","4":"has-post-thumbnail","6":"product_cat-herramienta-manual","7":"product_cat-klein-tools","9":"first","10":"instock","11":"taxable","12":"shipping-taxable","13":"purchasable","14":"product-type-simple","15":"add-to-wishlist-after_add_to_cart"},"aioseo_notices":[],"_links":{"self":[{"href":"https:\/\/electrovalcorp.com\/ecommerce\/wp-json\/wp\/v2\/product\/19563","targetHints":{"allow":["GET"]}}],"collection":[{"href":"https:\/\/electrovalcorp.com\/ecommerce\/wp-json\/wp\/v2\/product"}],"about":[{"href":"https:\/\/electrovalcorp.com\/ecommerce\/wp-json\/wp\/v2\/types\/product"}],"replies":[{"embeddable":true,"href":"https:\/\/electrovalcorp.com\/ecommerce\/wp-json\/wp\/v2\/comments?post=19563"}],"wp:featuredmedia":[{"embeddable":true,"href":"https:\/\/electrovalcorp.com\/ecommerce\/wp-json\/wp\/v2\/media\/19544"}],"wp:attachment":[{"href":"https:\/\/electrovalcorp.com\/ecommerce\/wp-json\/wp\/v2\/media?parent=19563"}],"wp:term":[{"taxonomy":"product_brand","embeddable":true,"href":"https:\/\/electrovalcorp.com\/ecommerce\/wp-json\/wp\/v2\/product_brand?post=19563"},{"taxonomy":"product_cat","embeddable":true,"href":"https:\/\/electrovalcorp.com\/ecommerce\/wp-json\/wp\/v2\/product_cat?post=19563"},{"taxonomy":"product_tag","embeddable":true,"href":"https:\/\/electrovalcorp.com\/ecommerce\/wp-json\/wp\/v2\/product_tag?post=19563"}],"curies":[{"name":"wp","href":"https:\/\/api.w.org\/{rel}","templated":true}]}}