{"id":19595,"date":"2023-07-20T22:34:43","date_gmt":"2023-07-20T22:34:43","guid":{"rendered":"https:\/\/electrovalcorp.com\/ecommerce\/?post_type=product&#038;p=19595"},"modified":"2025-05-15T16:59:28","modified_gmt":"2025-05-15T16:59:28","slug":"linterna-frontal-600-lumenes-redlithium-usb-de-bajo-perfil-2115-21-milwaukee","status":"publish","type":"product","link":"https:\/\/electrovalcorp.com\/ecommerce\/producto\/linterna-frontal-600-lumenes-redlithium-usb-de-bajo-perfil-2115-21-milwaukee\/","title":{"rendered":"Linterna frontal 600 l\u00famenes REDLITHIUM\u2122 USB de bajo perfil 2115-21 Milwaukee"},"content":{"rendered":"<div id=\"rmjs-1\" class=\"product-info__overview readmore\" data-moretext=\"Read More\" data-lesstext=\"Close\" data-readmore=\"\" aria-expanded=\"true\">\n<p>Nuestro faro frontal de bajo perfil REDLITHIUM\u2122 USB es delgado con una pulgada de 1 pulgada. cabezal de luz, haz de inundaci\u00f3n ancho, y est\u00e1 alimentado por REDLITHIUM\u2122 USB y ofrece 600 l\u00famenes de salida de alta definici\u00f3n TRUEVIEW\u2122. El faro delantero de proyector cuenta con un cabezal de luz ultradelgado que proporciona una visi\u00f3n sin obst\u00e1culos con una cobertura de haz de inundaci\u00f3n de 125\u00b0. Nuestro faro recargable est\u00e1 dise\u00f1ado con la bater\u00eda en la parte trasera para una m\u00e1xima maniobrabilidad en espacios reducidos y un dise\u00f1o equilibrado para uso durante todo el d\u00eda. La linterna frontal de casco est\u00e1 equipada con una correa de microfibra que absorbe el sudor para mayor comodidad en la cabeza desnuda y cuatro clips de casco incluidos para conexiones seguras en todos los cascos. El faro Milwaukee tiene cuatro modos de salida de luz: Alto, Medio, Bajo y Eco durante 28+ horas de tiempo de funcionamiento para maximizar la salida de luz o extender el tiempo de ejecuci\u00f3n. La luz de casco con clip tiene clasificaci\u00f3n IP54 para resistencia al agua y al polvo y puede soportar ca\u00eddas de hasta 2 M, sobreviviendo a las condiciones m\u00e1s dif\u00edciles dentro y fuera del lugar de trabajo. El faro frontal de bajo perfil REDLITHIUM USB funciona con la bater\u00eda REDLITHIUM\u2122\u2122 USB 3.0AH, que proporciona tiempo de funcionamiento durante todo el d\u00eda, m\u00e1s recargas y un tiempo de carga 3 veces m\u00e1s r\u00e1pido. La bater\u00eda MILWAUKEE\u00ae REDLITHIUM USB se puede recargar en la linterna a trav\u00e9s de Micro USB o cambiarse con bater\u00edas USB REDLITHIUM\u2122\u2122 adicionales para pr\u00e1cticamente sin tiempo de inactividad. La linterna frontal de perfil bajo est\u00e1 cubierta por una garant\u00eda limitada de por vida.<\/p>\n<\/div>\n<div class=\"product-includes\">\n<h2 class=\"product-includes__title\">INCLUYE<\/h2>\n<div class=\"product-includes__wrap readmore\" data-height=\"110\" data-moretext=\"Read More\" data-lesstext=\"Close\"><a class=\"product-include\" href=\"https:\/\/www.milwaukeetool.com\/Products\/Lighting\/Personal-Lighting\/2115-21\"><span class=\"product-include__quantity\">(1)<span class=\"product-include__title\" style=\"color: #333333;\">Linterna frontal REDLITHIUM\u2122 USB de perfil bajo<\/span><span style=\"color: #333333;\">\u00a0<\/span><span class=\"product-include__sku\" style=\"color: #333333;\">(2115-21)<\/span><br \/>\n<\/span><\/a><span class=\"product-include\"><span class=\"product-include__quantity\">(1)<\/span><span class=\"product-include__title\">Cable USB de servicio pesado de 2 pies<\/span><\/span><\/div>\n<div class=\"product-includes__wrap readmore\" data-height=\"110\" data-moretext=\"Read More\" data-lesstext=\"Close\"><span class=\"product-include\"><span class=\"product-include__quantity\">(1)<\/span><span class=\"product-include__title\">REDLITHIUM\u2122 USB Paquete Recargable<\/span><\/span><\/div>\n<div class=\"product-includes__wrap readmore\" data-height=\"110\" data-moretext=\"Read More\" data-lesstext=\"Close\"><span class=\"product-include\"><span class=\"product-include__quantity\">(4)<\/span><span class=\"product-include__title\">Clips de casco duro universales<\/span><\/span><\/div>\n<\/div>\n","protected":false},"excerpt":{"rendered":"<p>Nuestro faro frontal de bajo perfil REDLITHIUM\u2122 USB es delgado con una pulgada de 1 pulgada. cabezal de luz, haz de inundaci\u00f3n ancho, y est\u00e1 alimentado por REDLITHIUM\u2122 USB y ofrece 600 l\u00famenes de salida de alta definici\u00f3n TRUEVIEW\u2122. El faro delantero de proyector cuenta con un cabezal de luz ultradelgado que proporciona una visi\u00f3n [&hellip;]<\/p>\n","protected":false},"featured_media":19591,"comment_status":"open","ping_status":"closed","template":"","meta":[],"product_brand":[],"product_cat":[195,190],"product_tag":[],"class_list":{"0":"post-19595","1":"product","2":"type-product","3":"status-publish","4":"has-post-thumbnail","6":"product_cat-iluminacion","7":"product_cat-milwaukee","9":"first","10":"instock","11":"taxable","12":"shipping-taxable","13":"purchasable","14":"product-type-simple","15":"add-to-wishlist-after_add_to_cart"},"aioseo_notices":[],"_links":{"self":[{"href":"https:\/\/electrovalcorp.com\/ecommerce\/wp-json\/wp\/v2\/product\/19595","targetHints":{"allow":["GET"]}}],"collection":[{"href":"https:\/\/electrovalcorp.com\/ecommerce\/wp-json\/wp\/v2\/product"}],"about":[{"href":"https:\/\/electrovalcorp.com\/ecommerce\/wp-json\/wp\/v2\/types\/product"}],"replies":[{"embeddable":true,"href":"https:\/\/electrovalcorp.com\/ecommerce\/wp-json\/wp\/v2\/comments?post=19595"}],"wp:featuredmedia":[{"embeddable":true,"href":"https:\/\/electrovalcorp.com\/ecommerce\/wp-json\/wp\/v2\/media\/19591"}],"wp:attachment":[{"href":"https:\/\/electrovalcorp.com\/ecommerce\/wp-json\/wp\/v2\/media?parent=19595"}],"wp:term":[{"taxonomy":"product_brand","embeddable":true,"href":"https:\/\/electrovalcorp.com\/ecommerce\/wp-json\/wp\/v2\/product_brand?post=19595"},{"taxonomy":"product_cat","embeddable":true,"href":"https:\/\/electrovalcorp.com\/ecommerce\/wp-json\/wp\/v2\/product_cat?post=19595"},{"taxonomy":"product_tag","embeddable":true,"href":"https:\/\/electrovalcorp.com\/ecommerce\/wp-json\/wp\/v2\/product_tag?post=19595"}],"curies":[{"name":"wp","href":"https:\/\/api.w.org\/{rel}","templated":true}]}}