{"id":20104,"date":"2024-10-07T18:48:21","date_gmt":"2024-10-07T18:48:21","guid":{"rendered":"https:\/\/electrovalcorp.com\/ecommerce\/?post_type=product&#038;p=20104"},"modified":"2026-03-17T17:43:56","modified_gmt":"2026-03-17T17:43:56","slug":"alicate-de-corte-diagonal","status":"publish","type":"product","link":"https:\/\/electrovalcorp.com\/ecommerce\/producto\/alicate-de-corte-diagonal\/","title":{"rendered":"Alicate de corte diagonal D252-6"},"content":{"rendered":"<ul class=\"features-list no-indent\">\n<li>Los alicates de corte diagonal con mand\u00edbulas cortas y bordes de corte biselados permiten un corte cercano del alambre.<\/li>\n<li>Nariz c\u00f3nica para trabajar f\u00e1cilmente en \u00e1reas confinadas<\/li>\n<li>Dise\u00f1o m\u00e1s pesado para uso multiprop\u00f3sito.<\/li>\n<li>Cuchillas de corte endurecidas por inducci\u00f3n para una larga vida \u00fatil<\/li>\n<li>Forjado en EE. UU. con acero para herramientas personalizado, fabricado en EE. UU., para una m\u00e1xima durabilidad.<\/li>\n<li>La uni\u00f3n remachada en caliente garantiza un funcionamiento suave y sin vibraciones del mango.<\/li>\n<li>Asas ba\u00f1adas en pl\u00e1stico para mayor comodidad y facilidad de identificaci\u00f3n.<\/li>\n<\/ul>\n","protected":false},"excerpt":{"rendered":"<p>Los alicates de corte diagonal con mand\u00edbulas cortas y bordes de corte biselados permiten un corte cercano del alambre. Nariz c\u00f3nica para trabajar f\u00e1cilmente en \u00e1reas confinadas Dise\u00f1o m\u00e1s pesado para uso multiprop\u00f3sito. Cuchillas de corte endurecidas por inducci\u00f3n para una larga vida \u00fatil Forjado en EE. UU. con acero para herramientas personalizado, fabricado en [&hellip;]<\/p>\n","protected":false},"featured_media":20105,"comment_status":"open","ping_status":"closed","template":"","meta":[],"product_brand":[],"product_cat":[193,201],"product_tag":[],"class_list":{"0":"post-20104","1":"product","2":"type-product","3":"status-publish","4":"has-post-thumbnail","6":"product_cat-herramienta-manual","7":"product_cat-klein-tools","9":"first","10":"outofstock","11":"taxable","12":"shipping-taxable","13":"purchasable","14":"product-type-simple","15":"add-to-wishlist-after_add_to_cart"},"aioseo_notices":[],"_links":{"self":[{"href":"https:\/\/electrovalcorp.com\/ecommerce\/wp-json\/wp\/v2\/product\/20104","targetHints":{"allow":["GET"]}}],"collection":[{"href":"https:\/\/electrovalcorp.com\/ecommerce\/wp-json\/wp\/v2\/product"}],"about":[{"href":"https:\/\/electrovalcorp.com\/ecommerce\/wp-json\/wp\/v2\/types\/product"}],"replies":[{"embeddable":true,"href":"https:\/\/electrovalcorp.com\/ecommerce\/wp-json\/wp\/v2\/comments?post=20104"}],"wp:featuredmedia":[{"embeddable":true,"href":"https:\/\/electrovalcorp.com\/ecommerce\/wp-json\/wp\/v2\/media\/20105"}],"wp:attachment":[{"href":"https:\/\/electrovalcorp.com\/ecommerce\/wp-json\/wp\/v2\/media?parent=20104"}],"wp:term":[{"taxonomy":"product_brand","embeddable":true,"href":"https:\/\/electrovalcorp.com\/ecommerce\/wp-json\/wp\/v2\/product_brand?post=20104"},{"taxonomy":"product_cat","embeddable":true,"href":"https:\/\/electrovalcorp.com\/ecommerce\/wp-json\/wp\/v2\/product_cat?post=20104"},{"taxonomy":"product_tag","embeddable":true,"href":"https:\/\/electrovalcorp.com\/ecommerce\/wp-json\/wp\/v2\/product_tag?post=20104"}],"curies":[{"name":"wp","href":"https:\/\/api.w.org\/{rel}","templated":true}]}}