{"id":20981,"date":"2025-05-08T17:34:25","date_gmt":"2025-05-08T17:34:25","guid":{"rendered":"https:\/\/electrovalcorp.com\/ecommerce\/?post_type=product&#038;p=20981"},"modified":"2025-05-08T17:34:25","modified_gmt":"2025-05-08T17:34:25","slug":"guante-de-cuero-color-blanco-para-liniero-talla-s-pyramex-safety-gl2001ks","status":"publish","type":"product","link":"https:\/\/electrovalcorp.com\/ecommerce\/producto\/guante-de-cuero-color-blanco-para-liniero-talla-s-pyramex-safety-gl2001ks\/","title":{"rendered":"GUANTE DE CUERO COLOR BLANCO PARA LINIERO TALLA S Pyramex Safety GL2001KS"},"content":{"rendered":"<ul>\n<li>La piel de vaca de grano completo para hombros proporciona resistencia a la abrasi\u00f3n y a la perforaci\u00f3n.<\/li>\n<li>El pulgar ergon\u00f3mico cl\u00e1sico crea una gran movilidad.<\/li>\n<li>El dise\u00f1o de corte Gunn proporciona un uso c\u00f3modo.<\/li>\n<li>Pu\u00f1o deslizable para poner y quitar f\u00e1cilmente.<\/li>\n<li>Espalda el\u00e1stica para un ajuste seguro.<\/li>\n<li>Opci\u00f3n de etiqueta colgante para exhibici\u00f3n minorista.<\/li>\n<\/ul>\n","protected":false},"excerpt":{"rendered":"<p>La piel de vaca de grano completo para hombros proporciona resistencia a la abrasi\u00f3n y a la perforaci\u00f3n. El pulgar ergon\u00f3mico cl\u00e1sico crea una gran movilidad. El dise\u00f1o de corte Gunn proporciona un uso c\u00f3modo. Pu\u00f1o deslizable para poner y quitar f\u00e1cilmente. Espalda el\u00e1stica para un ajuste seguro. Opci\u00f3n de etiqueta colgante para exhibici\u00f3n minorista.<\/p>\n","protected":false},"featured_media":20979,"comment_status":"open","ping_status":"closed","template":"","meta":[],"product_brand":[],"product_cat":[203,192],"product_tag":[],"class_list":{"0":"post-20981","1":"product","2":"type-product","3":"status-publish","4":"has-post-thumbnail","6":"product_cat-pyramex","7":"product_cat-seguridad-ocupacional","9":"first","10":"instock","11":"taxable","12":"shipping-taxable","13":"purchasable","14":"product-type-simple","15":"add-to-wishlist-after_add_to_cart"},"aioseo_notices":[],"_links":{"self":[{"href":"https:\/\/electrovalcorp.com\/ecommerce\/wp-json\/wp\/v2\/product\/20981","targetHints":{"allow":["GET"]}}],"collection":[{"href":"https:\/\/electrovalcorp.com\/ecommerce\/wp-json\/wp\/v2\/product"}],"about":[{"href":"https:\/\/electrovalcorp.com\/ecommerce\/wp-json\/wp\/v2\/types\/product"}],"replies":[{"embeddable":true,"href":"https:\/\/electrovalcorp.com\/ecommerce\/wp-json\/wp\/v2\/comments?post=20981"}],"wp:featuredmedia":[{"embeddable":true,"href":"https:\/\/electrovalcorp.com\/ecommerce\/wp-json\/wp\/v2\/media\/20979"}],"wp:attachment":[{"href":"https:\/\/electrovalcorp.com\/ecommerce\/wp-json\/wp\/v2\/media?parent=20981"}],"wp:term":[{"taxonomy":"product_brand","embeddable":true,"href":"https:\/\/electrovalcorp.com\/ecommerce\/wp-json\/wp\/v2\/product_brand?post=20981"},{"taxonomy":"product_cat","embeddable":true,"href":"https:\/\/electrovalcorp.com\/ecommerce\/wp-json\/wp\/v2\/product_cat?post=20981"},{"taxonomy":"product_tag","embeddable":true,"href":"https:\/\/electrovalcorp.com\/ecommerce\/wp-json\/wp\/v2\/product_tag?post=20981"}],"curies":[{"name":"wp","href":"https:\/\/api.w.org\/{rel}","templated":true}]}}