{"id":21148,"date":"2025-05-26T21:52:20","date_gmt":"2025-05-26T21:52:20","guid":{"rendered":"https:\/\/electrovalcorp.com\/ecommerce\/?post_type=product&#038;p=21148"},"modified":"2025-09-07T14:16:26","modified_gmt":"2025-09-07T14:16:26","slug":"alicate-aislado-1000v-multifuncional-marca-knipex-1396200","status":"publish","type":"product","link":"https:\/\/electrovalcorp.com\/ecommerce\/producto\/alicate-aislado-1000v-multifuncional-marca-knipex-1396200\/","title":{"rendered":"ALICATE AISLADO 1000V MULTIFUNCIONAL.  MARCA:  KNIPEX. 1396200"},"content":{"rendered":"<ul class=\"product--variation-field--variation_field_product_desc_highlighted__1928 field field--name-field-product-desc-highlighted field--type-text-long field--label-hidden field__items\">\n<li class=\"field__item\"><span>6 funciones en un solo par de alicates<\/span><\/li>\n<li class=\"field__item\"><span>\u00a0Para sujetar material plano y redondo, para doblar, desbarbar, cortar cables, pelar y engarzar casquillos de cables.<\/span><\/li>\n<\/ul>\n<ul class=\"product--variation-field--variation_field_product_description__1928 field field--name-field-product-description field--type-text-long field--label-hidden field__items\">\n<li class=\"field__item\"><span>\u00a0Las superficies lisas cerca de las puntas sujetan n\u00facleos individuales sin da\u00f1arlos; superficies de agarre dentadas y agarre de tuber\u00eda para sujetar material plano y redondo<\/span><\/li>\n<li class=\"field__item\"><span>\u00a0Borde exterior limpio en las superficies de agarre para trabajar en cajas de conexiones empotradas y desbarbar orificios pasantes<\/span><\/li>\n<li class=\"field__item\"><span>\u00a0Orificios de pelado para conductores de 0,75 &#8211; 1,5 mm\u00b2 y 2,5 mm\u00b2<\/span><\/li>\n<li class=\"field__item\"><span>\u00a0Matriz de crimpeado para casquillos de cable de 0,5 &#8211; 2,5 mm\u00b2<\/span><\/li>\n<li class=\"field__item\"><span>\u00a0Tijeras para cables con filos de corte de precisi\u00f3n (templados por inducci\u00f3n) para cables de cobre y aluminio de hasta 5 x 2,5 mm\u00b2 \/ \u00d8 15 mm<\/span><\/li>\n<li class=\"field__item\"><span>\u00a0Dimensiones delgadas para un f\u00e1cil acceso.<\/span><\/li>\n<li class=\"field__item\"><span>\u00a0Uni\u00f3n atornillada: funcionamiento preciso y sin juego de los alicates<\/span><\/li>\n<li class=\"field__item\"><span>\u00a0En el caso de los modelos con resorte de apertura integrado en la articulaci\u00f3n, la palanca de bloqueo activada mantiene los filos de corte cerrados mientras otras funciones permanecen activas.<\/span><\/li>\n<li class=\"field__item\"><span>\u00a0El mecanismo de cierre inteligente permite sujetar la herramienta sin abrirla. El filo permanece cerrado y protegido.<\/span><\/li>\n<\/ul>\n","protected":false},"excerpt":{"rendered":"<p>6 funciones en un solo par de alicates \u00a0Para sujetar material plano y redondo, para doblar, desbarbar, cortar cables, pelar y engarzar casquillos de cables. \u00a0Las superficies lisas cerca de las puntas sujetan n\u00facleos individuales sin da\u00f1arlos; superficies de agarre dentadas y agarre de tuber\u00eda para sujetar material plano y redondo \u00a0Borde exterior limpio en [&hellip;]<\/p>\n","protected":false},"featured_media":21149,"comment_status":"open","ping_status":"closed","template":"","meta":[],"product_brand":[],"product_cat":[193,198],"product_tag":[],"class_list":{"0":"post-21148","1":"product","2":"type-product","3":"status-publish","4":"has-post-thumbnail","6":"product_cat-herramienta-manual","7":"product_cat-knipex","9":"first","10":"instock","11":"taxable","12":"shipping-taxable","13":"purchasable","14":"product-type-simple","15":"add-to-wishlist-after_add_to_cart"},"aioseo_notices":[],"_links":{"self":[{"href":"https:\/\/electrovalcorp.com\/ecommerce\/wp-json\/wp\/v2\/product\/21148","targetHints":{"allow":["GET"]}}],"collection":[{"href":"https:\/\/electrovalcorp.com\/ecommerce\/wp-json\/wp\/v2\/product"}],"about":[{"href":"https:\/\/electrovalcorp.com\/ecommerce\/wp-json\/wp\/v2\/types\/product"}],"replies":[{"embeddable":true,"href":"https:\/\/electrovalcorp.com\/ecommerce\/wp-json\/wp\/v2\/comments?post=21148"}],"wp:featuredmedia":[{"embeddable":true,"href":"https:\/\/electrovalcorp.com\/ecommerce\/wp-json\/wp\/v2\/media\/21149"}],"wp:attachment":[{"href":"https:\/\/electrovalcorp.com\/ecommerce\/wp-json\/wp\/v2\/media?parent=21148"}],"wp:term":[{"taxonomy":"product_brand","embeddable":true,"href":"https:\/\/electrovalcorp.com\/ecommerce\/wp-json\/wp\/v2\/product_brand?post=21148"},{"taxonomy":"product_cat","embeddable":true,"href":"https:\/\/electrovalcorp.com\/ecommerce\/wp-json\/wp\/v2\/product_cat?post=21148"},{"taxonomy":"product_tag","embeddable":true,"href":"https:\/\/electrovalcorp.com\/ecommerce\/wp-json\/wp\/v2\/product_tag?post=21148"}],"curies":[{"name":"wp","href":"https:\/\/api.w.org\/{rel}","templated":true}]}}