{"id":21418,"date":"2025-08-01T17:00:51","date_gmt":"2025-08-01T17:00:51","guid":{"rendered":"https:\/\/electrovalcorp.com\/ecommerce\/?post_type=product&#038;p=21418"},"modified":"2025-09-04T21:15:24","modified_gmt":"2025-09-04T21:15:24","slug":"m12-led-stick-light-bare-235120","status":"publish","type":"product","link":"https:\/\/electrovalcorp.com\/ecommerce\/producto\/m12-led-stick-light-bare-235120\/","title":{"rendered":"M12 LED STICK LIGHT &#8211; BARE-2351-20"},"content":{"rendered":"<p>Nuestra linterna de mano M12\u2122 ofrece 220 l\u00famenes de salida de alta definici\u00f3n TRUEVIEW\u2122 y una versatilidad inigualable en un tama\u00f1o compacto para lograr la mejor combinaci\u00f3n de brillo y cobertura. Ilumina su \u00e1rea de trabajo con 3 potentes LED para una iluminaci\u00f3n m\u00e1s brillante y optimizada. Puede usar el gancho multiposici\u00f3n integrado para colgar la linterna y usarla con las manos libres. La linterna de mano MILWAUKEE\u00ae cuenta con una lente reemplazable resistente a impactos, dise\u00f1ada para soportar las condiciones de trabajo m\u00e1s exigentes. Es compatible con todas nuestras bater\u00edas M12\u2122 REDLITHIUM\u2122 (se venden por separado). Nuestras linternas de mano cuentan con una garant\u00eda limitada de por vida para LED; los LED no necesitan ser reemplazados.<\/p>\n<div class=\"basis-full md:basis-[45.5%] mb-3 sm:mb-9 text-gray-900 relative font-helvetica55 last:mb-0 text-14 sm:text-16 md:text-18 md:[&amp;:nth-child(2n)]:ml-[8%] flex\">-220 l\u00famenes de salida de alta definici\u00f3n TRUEVIEW\u2122<\/div>\n<div class=\"basis-full md:basis-[45.5%] mb-3 sm:mb-9 text-gray-900 relative font-helvetica55 last:mb-0 text-14 sm:text-16 md:text-18 md:[&amp;:nth-child(2n)]:ml-[8%] flex\">\n<div class=\"mr-4\"><\/div>\n<p>-Garant\u00eda de herramientas de 5 a\u00f1os<\/p>\n<\/div>\n<div class=\"basis-full md:basis-[45.5%] mb-3 sm:mb-9 text-gray-900 relative font-helvetica55 last:mb-0 text-14 sm:text-16 md:text-18 md:[&amp;:nth-child(2n)]:ml-[8%] flex\">\n<div class=\"mr-4\"><\/div>\n<p>-Lente resistente a impactos y productos qu\u00edmicos<\/p>\n<\/div>\n<div class=\"basis-full md:basis-[45.5%] mb-3 sm:mb-9 text-gray-900 relative font-helvetica55 last:mb-0 text-14 sm:text-16 md:text-18 md:[&amp;:nth-child(2n)]:ml-[8%] flex\">\n<div class=\"mr-4\"><\/div>\n<p>-Garant\u00eda LED limitada de por vida<\/p>\n<\/div>\n<div class=\"basis-full md:basis-[45.5%] mb-3 sm:mb-9 text-gray-900 relative font-helvetica55 last:mb-0 text-14 sm:text-16 md:text-18 md:[&amp;:nth-child(2n)]:ml-[8%] flex\">\n<div class=\"mr-4\"><\/div>\n<p>-Gancho de acero inoxidable multiposici\u00f3n<\/p>\n<\/div>\n<div class=\"basis-full md:basis-[45.5%] mb-3 sm:mb-9 text-gray-900 relative font-helvetica55 last:mb-0 text-14 sm:text-16 md:text-18 md:[&amp;:nth-child(2n)]:ml-[8%] flex\">\n<div class=\"mr-4\"><\/div>\n<p>-Accesorio relacionado: Im\u00e1n de luz en barra M12\u2122 49-24-2351 (se vende por separado)<\/p>\n<\/div>\n<div class=\"basis-full md:basis-[45.5%] mb-3 sm:mb-9 text-gray-900 relative font-helvetica55 last:mb-0 text-14 sm:text-16 md:text-18 md:[&amp;:nth-child(2n)]:ml-[8%] flex\">\n<div class=\"mr-4\"><\/div>\n<p>-Parte del sistema M12\u2122, que incluye m\u00e1s de 100 soluciones<\/p>\n<\/div>\n","protected":false},"excerpt":{"rendered":"<p>Nuestra linterna de mano M12\u2122 ofrece 220 l\u00famenes de salida de alta definici\u00f3n TRUEVIEW\u2122 y una versatilidad inigualable en un tama\u00f1o compacto para lograr la mejor combinaci\u00f3n de brillo y cobertura. Ilumina su \u00e1rea de trabajo con 3 potentes LED para una iluminaci\u00f3n m\u00e1s brillante y optimizada. Puede usar el gancho multiposici\u00f3n integrado para colgar [&hellip;]<\/p>\n","protected":false},"featured_media":21726,"comment_status":"open","ping_status":"closed","template":"","meta":[],"product_brand":[],"product_cat":[195,191,190],"product_tag":[],"class_list":{"0":"post-21418","1":"product","2":"type-product","3":"status-publish","4":"has-post-thumbnail","6":"product_cat-iluminacion","7":"product_cat-m12","8":"product_cat-milwaukee","10":"first","11":"instock","12":"taxable","13":"shipping-taxable","14":"purchasable","15":"product-type-simple","16":"add-to-wishlist-after_add_to_cart"},"aioseo_notices":[],"_links":{"self":[{"href":"https:\/\/electrovalcorp.com\/ecommerce\/wp-json\/wp\/v2\/product\/21418","targetHints":{"allow":["GET"]}}],"collection":[{"href":"https:\/\/electrovalcorp.com\/ecommerce\/wp-json\/wp\/v2\/product"}],"about":[{"href":"https:\/\/electrovalcorp.com\/ecommerce\/wp-json\/wp\/v2\/types\/product"}],"replies":[{"embeddable":true,"href":"https:\/\/electrovalcorp.com\/ecommerce\/wp-json\/wp\/v2\/comments?post=21418"}],"wp:featuredmedia":[{"embeddable":true,"href":"https:\/\/electrovalcorp.com\/ecommerce\/wp-json\/wp\/v2\/media\/21726"}],"wp:attachment":[{"href":"https:\/\/electrovalcorp.com\/ecommerce\/wp-json\/wp\/v2\/media?parent=21418"}],"wp:term":[{"taxonomy":"product_brand","embeddable":true,"href":"https:\/\/electrovalcorp.com\/ecommerce\/wp-json\/wp\/v2\/product_brand?post=21418"},{"taxonomy":"product_cat","embeddable":true,"href":"https:\/\/electrovalcorp.com\/ecommerce\/wp-json\/wp\/v2\/product_cat?post=21418"},{"taxonomy":"product_tag","embeddable":true,"href":"https:\/\/electrovalcorp.com\/ecommerce\/wp-json\/wp\/v2\/product_tag?post=21418"}],"curies":[{"name":"wp","href":"https:\/\/api.w.org\/{rel}","templated":true}]}}