{"id":21801,"date":"2025-09-24T20:54:31","date_gmt":"2025-09-24T20:54:31","guid":{"rendered":"https:\/\/electrovalcorp.com\/ecommerce\/?post_type=product&#038;p=21801"},"modified":"2025-10-01T14:59:04","modified_gmt":"2025-10-01T14:59:04","slug":"tenaza-de-agarre-pico-loro-knipex-87-01-180","status":"publish","type":"product","link":"https:\/\/electrovalcorp.com\/ecommerce\/producto\/tenaza-de-agarre-pico-loro-knipex-87-01-180\/","title":{"rendered":"Tenaza de agarre pico loro- KNIPEX- 87 01 180"},"content":{"rendered":"<ul class=\"product--variation-field--variation_field_product_description__1683 field field--name-field-product-description field--type-text-long field--label-hidden field__items\">\n<li class=\"field__item\">Ajuste autom\u00e1tico mediante pulsaci\u00f3n de bot\u00f3n directamente en la pieza de trabajo<\/li>\n<li class=\"field__item\">\u00a0Ajuste preciso para adaptarse \u00f3ptimamente a diversos tama\u00f1os de piezas y para una posici\u00f3n ergon\u00f3mica del mango<\/li>\n<li class=\"field__item\">\u00a0Sujeci\u00f3n autom\u00e1tica en tubos y tuercas: sin deslizamiento sobre la pieza de trabajo, trabajo sin esfuerzo<\/li>\n<li class=\"field__item\">\u00a0Mordazas con dientes adicionalmente templados, dureza aprox. de los dientes 61 HRC: poco desgaste y gran seguridad en el agarre<\/li>\n<li class=\"field__item\">\u00a0Articulaci\u00f3n machihembrada: gran estabilidad por la doble gu\u00eda<\/li>\n<li class=\"field__item\">\u00a0Recepci\u00f3n segura del perno de articulaci\u00f3n: imposible desajustar involuntariamente<\/li>\n<li class=\"field__item\">\u00a0Un ret\u00e9n protector evita lesiones por pellizcos<\/li>\n<\/ul>\n","protected":false},"excerpt":{"rendered":"<p>Ajuste autom\u00e1tico mediante pulsaci\u00f3n de bot\u00f3n directamente en la pieza de trabajo \u00a0Ajuste preciso para adaptarse \u00f3ptimamente a diversos tama\u00f1os de piezas y para una posici\u00f3n ergon\u00f3mica del mango \u00a0Sujeci\u00f3n autom\u00e1tica en tubos y tuercas: sin deslizamiento sobre la pieza de trabajo, trabajo sin esfuerzo \u00a0Mordazas con dientes adicionalmente templados, dureza aprox. de los dientes [&hellip;]<\/p>\n","protected":false},"featured_media":21802,"comment_status":"open","ping_status":"closed","template":"","meta":[],"product_brand":[],"product_cat":[193,198],"product_tag":[],"class_list":{"0":"post-21801","1":"product","2":"type-product","3":"status-publish","4":"has-post-thumbnail","6":"product_cat-herramienta-manual","7":"product_cat-knipex","9":"first","10":"instock","11":"taxable","12":"shipping-taxable","13":"purchasable","14":"product-type-simple","15":"add-to-wishlist-after_add_to_cart"},"aioseo_notices":[],"_links":{"self":[{"href":"https:\/\/electrovalcorp.com\/ecommerce\/wp-json\/wp\/v2\/product\/21801","targetHints":{"allow":["GET"]}}],"collection":[{"href":"https:\/\/electrovalcorp.com\/ecommerce\/wp-json\/wp\/v2\/product"}],"about":[{"href":"https:\/\/electrovalcorp.com\/ecommerce\/wp-json\/wp\/v2\/types\/product"}],"replies":[{"embeddable":true,"href":"https:\/\/electrovalcorp.com\/ecommerce\/wp-json\/wp\/v2\/comments?post=21801"}],"wp:featuredmedia":[{"embeddable":true,"href":"https:\/\/electrovalcorp.com\/ecommerce\/wp-json\/wp\/v2\/media\/21802"}],"wp:attachment":[{"href":"https:\/\/electrovalcorp.com\/ecommerce\/wp-json\/wp\/v2\/media?parent=21801"}],"wp:term":[{"taxonomy":"product_brand","embeddable":true,"href":"https:\/\/electrovalcorp.com\/ecommerce\/wp-json\/wp\/v2\/product_brand?post=21801"},{"taxonomy":"product_cat","embeddable":true,"href":"https:\/\/electrovalcorp.com\/ecommerce\/wp-json\/wp\/v2\/product_cat?post=21801"},{"taxonomy":"product_tag","embeddable":true,"href":"https:\/\/electrovalcorp.com\/ecommerce\/wp-json\/wp\/v2\/product_tag?post=21801"}],"curies":[{"name":"wp","href":"https:\/\/api.w.org\/{rel}","templated":true}]}}