{"id":21886,"date":"2026-01-09T14:32:35","date_gmt":"2026-01-09T14:32:35","guid":{"rendered":"https:\/\/electrovalcorp.com\/ecommerce\/?post_type=product&#038;p=21886"},"modified":"2026-03-16T14:59:08","modified_gmt":"2026-03-16T14:59:08","slug":"esmerilladora-angular-115mm-4-1-2-800w-11000rpm-9557hpgx1-makita","status":"publish","type":"product","link":"https:\/\/electrovalcorp.com\/ecommerce\/producto\/esmerilladora-angular-115mm-4-1-2-800w-11000rpm-9557hpgx1-makita\/","title":{"rendered":"ESMERILLADORA ANGULAR 115MM (4-1\/2&#8243;) 800W 11000RPM-9557HPGX1- MAKITA"},"content":{"rendered":"<p>La Esmeriladora Angular de 4-1\/2&#8243; de Makita cuenta con un motor de 3.8 Amp que proporciona 11.000 RPM de potencia de amolado compacta y est\u00e1 dise\u00f1ada para trabajos de alta producci\u00f3n. Cuenta con un interruptor de paleta grande para una f\u00e1cil operaci\u00f3n para diestros o zurdos. La 9557HPGX1 presenta un dise\u00f1o compacto con un cuerpo de di\u00e1metro reducido y peso ligero para mayor comodidad<\/p>\n<ul>\n<li>Medida: 4-1\/2\u2033 (115 mm)<\/li>\n<li>Potencia: 840 W<\/li>\n<li>Velocidad: 11000 RPM<\/li>\n<li>Voltaje: 110 V<\/li>\n<li>Dimensiones: 273 x 129 x 106 mm (10-3\/4\u2033 x 5-1\/8\u2033 x 4-3\/16\u2033)<\/li>\n<li>Peso: 2.4 kg (5.4 lbs)<\/li>\n<\/ul>\n","protected":false},"excerpt":{"rendered":"<p>La Esmeriladora Angular de 4-1\/2&#8243; de Makita cuenta con un motor de 3.8 Amp que proporciona 11.000 RPM de potencia de amolado compacta y est\u00e1 dise\u00f1ada para trabajos de alta producci\u00f3n. Cuenta con un interruptor de paleta grande para una f\u00e1cil operaci\u00f3n para diestros o zurdos. La 9557HPGX1 presenta un dise\u00f1o compacto con un cuerpo [&hellip;]<\/p>\n","protected":false},"featured_media":21887,"comment_status":"open","ping_status":"closed","template":"","meta":[],"product_brand":[],"product_cat":[187,204],"product_tag":[],"class_list":{"0":"post-21886","1":"product","2":"type-product","3":"status-publish","4":"has-post-thumbnail","6":"product_cat-herramienta-a-cable","7":"product_cat-makita","9":"first","10":"instock","11":"taxable","12":"shipping-taxable","13":"purchasable","14":"product-type-simple","15":"add-to-wishlist-after_add_to_cart"},"aioseo_notices":[],"_links":{"self":[{"href":"https:\/\/electrovalcorp.com\/ecommerce\/wp-json\/wp\/v2\/product\/21886","targetHints":{"allow":["GET"]}}],"collection":[{"href":"https:\/\/electrovalcorp.com\/ecommerce\/wp-json\/wp\/v2\/product"}],"about":[{"href":"https:\/\/electrovalcorp.com\/ecommerce\/wp-json\/wp\/v2\/types\/product"}],"replies":[{"embeddable":true,"href":"https:\/\/electrovalcorp.com\/ecommerce\/wp-json\/wp\/v2\/comments?post=21886"}],"wp:featuredmedia":[{"embeddable":true,"href":"https:\/\/electrovalcorp.com\/ecommerce\/wp-json\/wp\/v2\/media\/21887"}],"wp:attachment":[{"href":"https:\/\/electrovalcorp.com\/ecommerce\/wp-json\/wp\/v2\/media?parent=21886"}],"wp:term":[{"taxonomy":"product_brand","embeddable":true,"href":"https:\/\/electrovalcorp.com\/ecommerce\/wp-json\/wp\/v2\/product_brand?post=21886"},{"taxonomy":"product_cat","embeddable":true,"href":"https:\/\/electrovalcorp.com\/ecommerce\/wp-json\/wp\/v2\/product_cat?post=21886"},{"taxonomy":"product_tag","embeddable":true,"href":"https:\/\/electrovalcorp.com\/ecommerce\/wp-json\/wp\/v2\/product_tag?post=21886"}],"curies":[{"name":"wp","href":"https:\/\/api.w.org\/{rel}","templated":true}]}}