{"id":21923,"date":"2026-01-09T20:41:36","date_gmt":"2026-01-09T20:41:36","guid":{"rendered":"https:\/\/electrovalcorp.com\/ecommerce\/?post_type=product&#038;p=21923"},"modified":"2026-03-16T14:48:53","modified_gmt":"2026-03-16T14:48:53","slug":"amarradora-de-varilla-de-construccion-18v-lxt-dtr181zx09-makita","status":"publish","type":"product","link":"https:\/\/electrovalcorp.com\/ecommerce\/producto\/amarradora-de-varilla-de-construccion-18v-lxt-dtr181zx09-makita\/","title":{"rendered":"AMARRADORA DE VARILLA DE CONSTRUCCION 18V LXT-DTR181ZX09- MAKITA"},"content":{"rendered":"<p>Atadora de ferralla LXT\u00ae de Makita con moto Br sin escobillas facilita el trabajo. El atado de armaduras puede realizarse autom\u00e1ticamente en una amplia gama de aplicaciones, como la construcci\u00f3n de cimientos de hormig\u00f3n. La potente bater\u00eda LXT\u00ae de 18 V proporciona la fuerza necesaria para el atado autom\u00e1tico de armaduras. Seg\u00fan el estado del material de atado, la fuerza de atado se puede ajustar en 6 etapas.<\/p>\n<ul>\n<li class=\"usp\">Tecnolog\u00eda de protecci\u00f3n extrema (XPT) dise\u00f1ada para ofrecer una mayor resistencia al polvo y al agua en las duras condiciones del lugar de trabajo.<\/li>\n<li class=\"usp\">El sistema de protecci\u00f3n de la bater\u00eda corta autom\u00e1ticamente la alimentaci\u00f3n cuando el nivel de la bater\u00eda es bajo<\/li>\n<\/ul>\n","protected":false},"excerpt":{"rendered":"<p>Atadora de ferralla LXT\u00ae de Makita con moto Br sin escobillas facilita el trabajo. El atado de armaduras puede realizarse autom\u00e1ticamente en una amplia gama de aplicaciones, como la construcci\u00f3n de cimientos de hormig\u00f3n. La potente bater\u00eda LXT\u00ae de 18 V proporciona la fuerza necesaria para el atado autom\u00e1tico de armaduras. Seg\u00fan el estado del [&hellip;]<\/p>\n","protected":false},"featured_media":21925,"comment_status":"open","ping_status":"closed","template":"","meta":[],"product_brand":[],"product_cat":[188,204],"product_tag":[],"class_list":{"0":"post-21923","1":"product","2":"type-product","3":"status-publish","4":"has-post-thumbnail","6":"product_cat-herramienta-a-bateria","7":"product_cat-makita","9":"first","10":"instock","11":"taxable","12":"shipping-taxable","13":"purchasable","14":"product-type-simple","15":"add-to-wishlist-after_add_to_cart"},"aioseo_notices":[],"_links":{"self":[{"href":"https:\/\/electrovalcorp.com\/ecommerce\/wp-json\/wp\/v2\/product\/21923","targetHints":{"allow":["GET"]}}],"collection":[{"href":"https:\/\/electrovalcorp.com\/ecommerce\/wp-json\/wp\/v2\/product"}],"about":[{"href":"https:\/\/electrovalcorp.com\/ecommerce\/wp-json\/wp\/v2\/types\/product"}],"replies":[{"embeddable":true,"href":"https:\/\/electrovalcorp.com\/ecommerce\/wp-json\/wp\/v2\/comments?post=21923"}],"wp:featuredmedia":[{"embeddable":true,"href":"https:\/\/electrovalcorp.com\/ecommerce\/wp-json\/wp\/v2\/media\/21925"}],"wp:attachment":[{"href":"https:\/\/electrovalcorp.com\/ecommerce\/wp-json\/wp\/v2\/media?parent=21923"}],"wp:term":[{"taxonomy":"product_brand","embeddable":true,"href":"https:\/\/electrovalcorp.com\/ecommerce\/wp-json\/wp\/v2\/product_brand?post=21923"},{"taxonomy":"product_cat","embeddable":true,"href":"https:\/\/electrovalcorp.com\/ecommerce\/wp-json\/wp\/v2\/product_cat?post=21923"},{"taxonomy":"product_tag","embeddable":true,"href":"https:\/\/electrovalcorp.com\/ecommerce\/wp-json\/wp\/v2\/product_tag?post=21923"}],"curies":[{"name":"wp","href":"https:\/\/api.w.org\/{rel}","templated":true}]}}