{"id":21926,"date":"2026-01-09T20:50:39","date_gmt":"2026-01-09T20:50:39","guid":{"rendered":"https:\/\/electrovalcorp.com\/ecommerce\/?post_type=product&#038;p=21926"},"modified":"2026-03-17T16:08:30","modified_gmt":"2026-03-17T16:08:30","slug":"llave-de-impacto-1-2-18v-lxt-700nm-inalambrica-1-dtw700rtj-makita","status":"publish","type":"product","link":"https:\/\/electrovalcorp.com\/ecommerce\/producto\/llave-de-impacto-1-2-18v-lxt-700nm-inalambrica-1-dtw700rtj-makita\/","title":{"rendered":"LLAVE DE IMPACTO 1\/2&#8243; 18V LXT 700NM INALAMBRICA 1-DTW700RTJ- MAKITA"},"content":{"rendered":"<p><span dir=\"auto\">Los modelos DTW700 y DTW701 son llaves de impacto inal\u00e1mbricas alimentadas por bater\u00eda de iones de litio LXT de 18 V.<\/span><\/p>\n<p><span dir=\"auto\">\u2022 Mayor velocidad de rotaci\u00f3n que el DTW450.<\/span><br \/>\n<span dir=\"auto\">\u2022 Selecci\u00f3n electr\u00f3nica de potencia de impacto de 4 etapas para mayor versatilidad.<\/span><br \/>\n<span dir=\"auto\">\u2022 3 modos de tiempo de reacci\u00f3n para parada autom\u00e1tica, disponibles tanto en rotaci\u00f3n directa como inversa.<\/span><br \/>\n<span dir=\"auto\">\u2022 El interruptor de gatillo con modo de velocidad m\u00e1xima reduce la fatiga de manos y dedos.<\/span><br \/>\n<span dir=\"auto\">\u2022 La \u00fanica diferencia entre el DTW700 y el DTW701 es el estilo de retenci\u00f3n del dado:<\/span><br \/>\n<span dir=\"auto\">\u2219 DTW700: Anillo en C<\/span><br \/>\n<span dir=\"auto\">\u2219 DTW701: Ret\u00e9n de pasador.<\/span><\/p>\n","protected":false},"excerpt":{"rendered":"<p>Los modelos DTW700 y DTW701 son llaves de impacto inal\u00e1mbricas alimentadas por bater\u00eda de iones de litio LXT de 18 V. \u2022 Mayor velocidad de rotaci\u00f3n que el DTW450. \u2022 Selecci\u00f3n electr\u00f3nica de potencia de impacto de 4 etapas para mayor versatilidad. \u2022 3 modos de tiempo de reacci\u00f3n para parada autom\u00e1tica, disponibles tanto en [&hellip;]<\/p>\n","protected":false},"featured_media":21927,"comment_status":"open","ping_status":"closed","template":"","meta":[],"product_brand":[],"product_cat":[188,204],"product_tag":[],"class_list":{"0":"post-21926","1":"product","2":"type-product","3":"status-publish","4":"has-post-thumbnail","6":"product_cat-herramienta-a-bateria","7":"product_cat-makita","9":"first","10":"instock","11":"taxable","12":"shipping-taxable","13":"purchasable","14":"product-type-simple","15":"add-to-wishlist-after_add_to_cart"},"aioseo_notices":[],"_links":{"self":[{"href":"https:\/\/electrovalcorp.com\/ecommerce\/wp-json\/wp\/v2\/product\/21926","targetHints":{"allow":["GET"]}}],"collection":[{"href":"https:\/\/electrovalcorp.com\/ecommerce\/wp-json\/wp\/v2\/product"}],"about":[{"href":"https:\/\/electrovalcorp.com\/ecommerce\/wp-json\/wp\/v2\/types\/product"}],"replies":[{"embeddable":true,"href":"https:\/\/electrovalcorp.com\/ecommerce\/wp-json\/wp\/v2\/comments?post=21926"}],"wp:featuredmedia":[{"embeddable":true,"href":"https:\/\/electrovalcorp.com\/ecommerce\/wp-json\/wp\/v2\/media\/21927"}],"wp:attachment":[{"href":"https:\/\/electrovalcorp.com\/ecommerce\/wp-json\/wp\/v2\/media?parent=21926"}],"wp:term":[{"taxonomy":"product_brand","embeddable":true,"href":"https:\/\/electrovalcorp.com\/ecommerce\/wp-json\/wp\/v2\/product_brand?post=21926"},{"taxonomy":"product_cat","embeddable":true,"href":"https:\/\/electrovalcorp.com\/ecommerce\/wp-json\/wp\/v2\/product_cat?post=21926"},{"taxonomy":"product_tag","embeddable":true,"href":"https:\/\/electrovalcorp.com\/ecommerce\/wp-json\/wp\/v2\/product_tag?post=21926"}],"curies":[{"name":"wp","href":"https:\/\/api.w.org\/{rel}","templated":true}]}}