{"id":21932,"date":"2026-01-09T21:23:30","date_gmt":"2026-01-09T21:23:30","guid":{"rendered":"https:\/\/electrovalcorp.com\/ecommerce\/?post_type=product&#038;p=21932"},"modified":"2026-04-14T03:55:29","modified_gmt":"2026-04-14T03:55:29","slug":"punta-de-impacto-6-xps-2-phillips-e-01286-makita","status":"publish","type":"product","link":"https:\/\/electrovalcorp.com\/ecommerce\/producto\/punta-de-impacto-6-xps-2-phillips-e-01286-makita\/","title":{"rendered":"PUNTA DE IMPACTO 6&#8243; XPS #2 PHILLIPS -E-01286- MAKITA"},"content":{"rendered":"<p>Impact XPS\u00ae de Makita\u00ae es la nueva innovaci\u00f3n en apretado con brocas de inserci\u00f3n y accesorios de apretado construidos para las demandas del contratista profesional. La Broca Reforzada de 6&#8243; Phillips #2 Impact XPS\u00ae est\u00e1 dise\u00f1ada exclusivamente para usarse con atornilladores de impacto de alta torsi\u00f3n, y est\u00e1n dise\u00f1adas para durar hasta 90 veces m\u00e1s que las brocas de inserci\u00f3n est\u00e1ndar.<\/p>\n<ul class=\"ul-features\">\n<li class=\"dyn-expand\">Puntas maquinadas con precisi\u00f3n, pulsaci\u00f3n de los aros de torsi\u00f3n, una zona de torsi\u00f3n optimizada y acero \u00fanico combinados para entregar rendimiento mejorado y larga duraci\u00f3n de la broca<\/li>\n<li class=\"dyn-expand\">Dura hasta 100 veces m\u00e1s que las brocas de impacto est\u00e1ndar<\/li>\n<li class=\"dyn-expand\">Puntas maquinadas con precisi\u00f3n proporcionan una horma de contacto superior para mejorar la potencia de sujeci\u00f3n y m\u00e1s larga duraci\u00f3n<\/li>\n<li class=\"dyn-expand\">Anillos de Tope \u00danicos con Absorci\u00f3n de Torsi\u00f3n ayudan a mejorar la duraci\u00f3n de la broca y al absorber y transferir la torsi\u00f3n de la punta a la zona de torsi\u00f3n<\/li>\n<li class=\"dyn-expand\">La geometr\u00eda de la Zona de Torsi\u00f3n Optimizada facilita una transferencia ideal de energ\u00eda de impacto para duraci\u00f3n de broca mejorada<\/li>\n<li class=\"dyn-expand\">Dise\u00f1o de base c\u00f3nica con anillos de potencia de torsi\u00f3n para distribuir la fuerza de impacto desde el eje a la zona de torsi\u00f3n<\/li>\n<li class=\"dyn-expand\">Proceso de tratamiento de calor calibrado \u00fanico para resistencia adicional<\/li>\n<li class=\"dyn-expand\">Superficie de n\u00edquel mate para la mejor resistencia a la corrosi\u00f3n en su clase<\/li>\n<li class=\"dyn-expand\">Composici\u00f3n de acero de alta calidad, premium que est\u00e1 dise\u00f1ada por expertos para duraci\u00f3n extendida<\/li>\n<li class=\"dyn-expand\">Grabado con l\u00e1ser para facilitar la identificaci\u00f3n del tama\u00f1o<\/li>\n<\/ul>\n","protected":false},"excerpt":{"rendered":"<p>Impact XPS\u00ae de Makita\u00ae es la nueva innovaci\u00f3n en apretado con brocas de inserci\u00f3n y accesorios de apretado construidos para las demandas del contratista profesional. La Broca Reforzada de 6&#8243; Phillips #2 Impact XPS\u00ae est\u00e1 dise\u00f1ada exclusivamente para usarse con atornilladores de impacto de alta torsi\u00f3n, y est\u00e1n dise\u00f1adas para durar hasta 90 veces m\u00e1s [&hellip;]<\/p>\n","protected":false},"featured_media":21934,"comment_status":"open","ping_status":"closed","template":"","meta":[],"product_brand":[],"product_cat":[197,204,200],"product_tag":[],"class_list":{"0":"post-21932","1":"product","2":"type-product","3":"status-publish","4":"has-post-thumbnail","6":"product_cat-accesorios","7":"product_cat-makita","8":"product_cat-materiales","10":"first","11":"instock","12":"taxable","13":"shipping-taxable","14":"purchasable","15":"product-type-simple","16":"add-to-wishlist-after_add_to_cart"},"aioseo_notices":[],"_links":{"self":[{"href":"https:\/\/electrovalcorp.com\/ecommerce\/wp-json\/wp\/v2\/product\/21932","targetHints":{"allow":["GET"]}}],"collection":[{"href":"https:\/\/electrovalcorp.com\/ecommerce\/wp-json\/wp\/v2\/product"}],"about":[{"href":"https:\/\/electrovalcorp.com\/ecommerce\/wp-json\/wp\/v2\/types\/product"}],"replies":[{"embeddable":true,"href":"https:\/\/electrovalcorp.com\/ecommerce\/wp-json\/wp\/v2\/comments?post=21932"}],"wp:featuredmedia":[{"embeddable":true,"href":"https:\/\/electrovalcorp.com\/ecommerce\/wp-json\/wp\/v2\/media\/21934"}],"wp:attachment":[{"href":"https:\/\/electrovalcorp.com\/ecommerce\/wp-json\/wp\/v2\/media?parent=21932"}],"wp:term":[{"taxonomy":"product_brand","embeddable":true,"href":"https:\/\/electrovalcorp.com\/ecommerce\/wp-json\/wp\/v2\/product_brand?post=21932"},{"taxonomy":"product_cat","embeddable":true,"href":"https:\/\/electrovalcorp.com\/ecommerce\/wp-json\/wp\/v2\/product_cat?post=21932"},{"taxonomy":"product_tag","embeddable":true,"href":"https:\/\/electrovalcorp.com\/ecommerce\/wp-json\/wp\/v2\/product_tag?post=21932"}],"curies":[{"name":"wp","href":"https:\/\/api.w.org\/{rel}","templated":true}]}}