{"id":21939,"date":"2026-01-12T13:46:12","date_gmt":"2026-01-12T13:46:12","guid":{"rendered":"https:\/\/electrovalcorp.com\/ecommerce\/?post_type=product&#038;p=21939"},"modified":"2026-03-06T17:40:56","modified_gmt":"2026-03-06T17:40:56","slug":"esmeriladora-40v-xgt-bl-4-1-2-af-sin-bateria-ni-cargador-ga025gz-makita","status":"publish","type":"product","link":"https:\/\/electrovalcorp.com\/ecommerce\/producto\/esmeriladora-40v-xgt-bl-4-1-2-af-sin-bateria-ni-cargador-ga025gz-makita\/","title":{"rendered":"ESMERILADORA 40V XGT BL 4-1\/2&#8243; AF  (SIN BATERIA NI CARGADOR)-GA025GZ- MAKITA"},"content":{"rendered":"<p>La Amoladora GA025GZ cuenta con rendimiento superior y eficiencia similar a la amoladora de clase de 1000 W con cable. Es una soluci\u00f3n genuina para aplicaciones industriales de alta demanda y trabajos pesado continuo. Proporciona alta durabilidad y cuenta con un nuevo interruptor con desgaste de contacto reducido.La nueva cubierta de la rueda sin herramientas permite un ajuste de \u00e1ngulo r\u00e1pido y f\u00e1cil y la instalaci\u00f3n\/remoci\u00f3n. El sistema inal\u00e1mbrico de inicio autom\u00e1tico (AWS) se conecta a aspiradoras compatibles con Bluetooth La tecnolog\u00eda de detecci\u00f3n de retroalimentaci\u00f3n activa (AFT) apaga el motor si la velocidad de rotaci\u00f3n disminuye repentinamente o si la rueda se ve obligada a detenerse. No incluye bater\u00eda ni cargador.<\/p>\n","protected":false},"excerpt":{"rendered":"<p>La Amoladora GA025GZ cuenta con rendimiento superior y eficiencia similar a la amoladora de clase de 1000 W con cable. Es una soluci\u00f3n genuina para aplicaciones industriales de alta demanda y trabajos pesado continuo. Proporciona alta durabilidad y cuenta con un nuevo interruptor con desgaste de contacto reducido.La nueva cubierta de la rueda sin herramientas [&hellip;]<\/p>\n","protected":false},"featured_media":21941,"comment_status":"open","ping_status":"closed","template":"","meta":[],"product_brand":[],"product_cat":[188,204],"product_tag":[],"class_list":{"0":"post-21939","1":"product","2":"type-product","3":"status-publish","4":"has-post-thumbnail","6":"product_cat-herramienta-a-bateria","7":"product_cat-makita","9":"first","10":"instock","11":"taxable","12":"shipping-taxable","13":"purchasable","14":"product-type-simple","15":"add-to-wishlist-after_add_to_cart"},"aioseo_notices":[],"_links":{"self":[{"href":"https:\/\/electrovalcorp.com\/ecommerce\/wp-json\/wp\/v2\/product\/21939","targetHints":{"allow":["GET"]}}],"collection":[{"href":"https:\/\/electrovalcorp.com\/ecommerce\/wp-json\/wp\/v2\/product"}],"about":[{"href":"https:\/\/electrovalcorp.com\/ecommerce\/wp-json\/wp\/v2\/types\/product"}],"replies":[{"embeddable":true,"href":"https:\/\/electrovalcorp.com\/ecommerce\/wp-json\/wp\/v2\/comments?post=21939"}],"wp:featuredmedia":[{"embeddable":true,"href":"https:\/\/electrovalcorp.com\/ecommerce\/wp-json\/wp\/v2\/media\/21941"}],"wp:attachment":[{"href":"https:\/\/electrovalcorp.com\/ecommerce\/wp-json\/wp\/v2\/media?parent=21939"}],"wp:term":[{"taxonomy":"product_brand","embeddable":true,"href":"https:\/\/electrovalcorp.com\/ecommerce\/wp-json\/wp\/v2\/product_brand?post=21939"},{"taxonomy":"product_cat","embeddable":true,"href":"https:\/\/electrovalcorp.com\/ecommerce\/wp-json\/wp\/v2\/product_cat?post=21939"},{"taxonomy":"product_tag","embeddable":true,"href":"https:\/\/electrovalcorp.com\/ecommerce\/wp-json\/wp\/v2\/product_tag?post=21939"}],"curies":[{"name":"wp","href":"https:\/\/api.w.org\/{rel}","templated":true}]}}