{"id":21953,"date":"2026-01-12T14:23:45","date_gmt":"2026-01-12T14:23:45","guid":{"rendered":"https:\/\/electrovalcorp.com\/ecommerce\/?post_type=product&#038;p=21953"},"modified":"2026-03-16T14:48:12","modified_gmt":"2026-03-16T14:48:12","slug":"demoledor-xgt-2x40v-728-j-hm004gz02-makita","status":"publish","type":"product","link":"https:\/\/electrovalcorp.com\/ecommerce\/producto\/demoledor-xgt-2x40v-728-j-hm004gz02-makita\/","title":{"rendered":"DEMOLEDOR XGT 2X40V 72,8 J- HM004GZ02-MAKITA"},"content":{"rendered":"<p>HM004G es un martillo de demolici\u00f3n XGT\u00ae para trabajos pesados profesionales, como la demolici\u00f3n total de soleras y la rotura de otras capas gruesas de hormig\u00f3n.<\/p>\n<p>El HM004G tiene la misma fuerza de impacto de 72,8 J que un martillo el\u00e9ctrico. El potente motor sin escobillas est\u00e1 protegido contra el polvo y el agua por el sistema XPT de Makita.<\/p>\n<ul>\n<li class=\"usp\">El sistema inal\u00e1mbrico de arranque autom\u00e1tico (AWS) se conecta a aspiradoras compatibles con Bluetooth<\/li>\n<li class=\"usp\">Luces LED dobles con funciones de preiluminaci\u00f3n y posiluminaci\u00f3n para una mejor iluminaci\u00f3n y un trabajo m\u00e1s preciso<\/li>\n<li class=\"usp\">La tecnolog\u00eda antivibraciones AVT (tecnolog\u00eda antivibraci\u00f3n) garantiza un rendimiento extra bajo en vibraciones<\/li>\n<li class=\"usp\">El control de velocidad constante mantiene la velocidad constante bajo carga<\/li>\n<\/ul>\n","protected":false},"excerpt":{"rendered":"<p>HM004G es un martillo de demolici\u00f3n XGT\u00ae para trabajos pesados profesionales, como la demolici\u00f3n total de soleras y la rotura de otras capas gruesas de hormig\u00f3n. El HM004G tiene la misma fuerza de impacto de 72,8 J que un martillo el\u00e9ctrico. El potente motor sin escobillas est\u00e1 protegido contra el polvo y el agua por [&hellip;]<\/p>\n","protected":false},"featured_media":21955,"comment_status":"open","ping_status":"closed","template":"","meta":[],"product_brand":[],"product_cat":[188,204],"product_tag":[],"class_list":{"0":"post-21953","1":"product","2":"type-product","3":"status-publish","4":"has-post-thumbnail","6":"product_cat-herramienta-a-bateria","7":"product_cat-makita","9":"first","10":"instock","11":"taxable","12":"shipping-taxable","13":"purchasable","14":"product-type-simple","15":"add-to-wishlist-after_add_to_cart"},"aioseo_notices":[],"_links":{"self":[{"href":"https:\/\/electrovalcorp.com\/ecommerce\/wp-json\/wp\/v2\/product\/21953","targetHints":{"allow":["GET"]}}],"collection":[{"href":"https:\/\/electrovalcorp.com\/ecommerce\/wp-json\/wp\/v2\/product"}],"about":[{"href":"https:\/\/electrovalcorp.com\/ecommerce\/wp-json\/wp\/v2\/types\/product"}],"replies":[{"embeddable":true,"href":"https:\/\/electrovalcorp.com\/ecommerce\/wp-json\/wp\/v2\/comments?post=21953"}],"wp:featuredmedia":[{"embeddable":true,"href":"https:\/\/electrovalcorp.com\/ecommerce\/wp-json\/wp\/v2\/media\/21955"}],"wp:attachment":[{"href":"https:\/\/electrovalcorp.com\/ecommerce\/wp-json\/wp\/v2\/media?parent=21953"}],"wp:term":[{"taxonomy":"product_brand","embeddable":true,"href":"https:\/\/electrovalcorp.com\/ecommerce\/wp-json\/wp\/v2\/product_brand?post=21953"},{"taxonomy":"product_cat","embeddable":true,"href":"https:\/\/electrovalcorp.com\/ecommerce\/wp-json\/wp\/v2\/product_cat?post=21953"},{"taxonomy":"product_tag","embeddable":true,"href":"https:\/\/electrovalcorp.com\/ecommerce\/wp-json\/wp\/v2\/product_tag?post=21953"}],"curies":[{"name":"wp","href":"https:\/\/api.w.org\/{rel}","templated":true}]}}