{"id":21963,"date":"2026-01-12T14:58:12","date_gmt":"2026-01-12T14:58:12","guid":{"rendered":"https:\/\/electrovalcorp.com\/ecommerce\/?post_type=product&#038;p=21963"},"modified":"2026-03-06T17:47:48","modified_gmt":"2026-03-06T17:47:48","slug":"rotomartillo-sds-max-40v-gxt-8j-hr005gm201-makita","status":"publish","type":"product","link":"https:\/\/electrovalcorp.com\/ecommerce\/producto\/rotomartillo-sds-max-40v-gxt-8j-hr005gm201-makita\/","title":{"rendered":"ROTOMARTILLO SDS-MAX 40V GXT 8J-HR005GM201- MAKITA"},"content":{"rendered":"<ul>\n<li>El amortiguador de vibraciones din\u00e1mico activo se mueve en direcci\u00f3n opuesta al pist\u00f3n de accionamiento para reducir las vibraciones.<\/li>\n<li>El resorte amortiguador absorbe las vibraciones de impacto de la broca.<\/li>\n<li>La carcasa que absorbe las vibraciones a\u00edsla la empu\u00f1adura y el motor.<\/li>\n<li>Nivel de vibraci\u00f3n en el mango principal 5.0 m\/s 2.<\/li>\n<li>2 MODOS DE TRABAJO:\u00a0ROTOPERCUSI\u00d3N. CINCELADO.<\/li>\n<li>NEXT GENERATION TECHNOLOGY: Es la nueva l\u00ednea de herramientas inal\u00e1mbricas con bater\u00edas y cargador de 40v, con un dise\u00f1o\u00a0innovador y mayor potencia que proporcionan una\u00a0mayor rapidez para ejecutar los trabajos.<\/li>\n<\/ul>\n","protected":false},"excerpt":{"rendered":"<p>El amortiguador de vibraciones din\u00e1mico activo se mueve en direcci\u00f3n opuesta al pist\u00f3n de accionamiento para reducir las vibraciones. El resorte amortiguador absorbe las vibraciones de impacto de la broca. La carcasa que absorbe las vibraciones a\u00edsla la empu\u00f1adura y el motor. Nivel de vibraci\u00f3n en el mango principal 5.0 m\/s 2. 2 MODOS DE [&hellip;]<\/p>\n","protected":false},"featured_media":21964,"comment_status":"open","ping_status":"closed","template":"","meta":[],"product_brand":[],"product_cat":[188,204],"product_tag":[],"class_list":{"0":"post-21963","1":"product","2":"type-product","3":"status-publish","4":"has-post-thumbnail","6":"product_cat-herramienta-a-bateria","7":"product_cat-makita","9":"first","10":"instock","11":"taxable","12":"shipping-taxable","13":"purchasable","14":"product-type-simple","15":"add-to-wishlist-after_add_to_cart"},"aioseo_notices":[],"_links":{"self":[{"href":"https:\/\/electrovalcorp.com\/ecommerce\/wp-json\/wp\/v2\/product\/21963","targetHints":{"allow":["GET"]}}],"collection":[{"href":"https:\/\/electrovalcorp.com\/ecommerce\/wp-json\/wp\/v2\/product"}],"about":[{"href":"https:\/\/electrovalcorp.com\/ecommerce\/wp-json\/wp\/v2\/types\/product"}],"replies":[{"embeddable":true,"href":"https:\/\/electrovalcorp.com\/ecommerce\/wp-json\/wp\/v2\/comments?post=21963"}],"wp:featuredmedia":[{"embeddable":true,"href":"https:\/\/electrovalcorp.com\/ecommerce\/wp-json\/wp\/v2\/media\/21964"}],"wp:attachment":[{"href":"https:\/\/electrovalcorp.com\/ecommerce\/wp-json\/wp\/v2\/media?parent=21963"}],"wp:term":[{"taxonomy":"product_brand","embeddable":true,"href":"https:\/\/electrovalcorp.com\/ecommerce\/wp-json\/wp\/v2\/product_brand?post=21963"},{"taxonomy":"product_cat","embeddable":true,"href":"https:\/\/electrovalcorp.com\/ecommerce\/wp-json\/wp\/v2\/product_cat?post=21963"},{"taxonomy":"product_tag","embeddable":true,"href":"https:\/\/electrovalcorp.com\/ecommerce\/wp-json\/wp\/v2\/product_tag?post=21963"}],"curies":[{"name":"wp","href":"https:\/\/api.w.org\/{rel}","templated":true}]}}