{"id":21969,"date":"2026-01-12T17:21:09","date_gmt":"2026-01-12T17:21:09","guid":{"rendered":"https:\/\/electrovalcorp.com\/ecommerce\/?post_type=product&#038;p=21969"},"modified":"2026-03-06T16:43:48","modified_gmt":"2026-03-06T16:43:48","slug":"rotomartillo-sds-plus-800w-2-4j-3-modos-hr2631f-makita","status":"publish","type":"product","link":"https:\/\/electrovalcorp.com\/ecommerce\/producto\/rotomartillo-sds-plus-800w-2-4j-3-modos-hr2631f-makita\/","title":{"rendered":"ROTOMARTILLO SDS-PLUS 800W 2.4J (3-MODOS)- HR2631F- MAKITA"},"content":{"rendered":"<p>El Rotomartillo AVT\u00ae de 1&#8243; de Makita (modelo HR2611F, con Agarre de Pistola) est\u00e1 dise\u00f1ado con la Tecnolog\u00eda Anti-Vibraci\u00f3n (AVT\u00ae), un sistema neutralizador de equilibrio que reduce la vibraci\u00f3n de manera significativa. El HR2611F combina rendimiento y potencia con menos vibraci\u00f3n en un tama\u00f1o compacto y es ideal para un rango de aplicaciones incluido taladrado elevado.<\/p>\n<ul class=\"ul-features\">\n<li class=\"dyn-expand\">Potente motor de 7 amperes entrega 2.1 ft.lbs. de energ\u00eda de impacto para manejar las aplicaciones m\u00e1s demandantes<\/li>\n<li class=\"dyn-expand\">La Tecnolog\u00eda Anti-Vibraci\u00f3n AVT\u00ae es un sistema neutralizador de equilibrio que reduce en gran medida la vibraci\u00f3n al mover un contrapeso en direcci\u00f3n opuesta al \u00e9mbolo<\/li>\n<li class=\"dyn-expand\">Integrado con resorte de amortiguador en la base del perno de impacto que est\u00e1 dise\u00f1ado para absorber vibraciones de impacto de la broca del taladro<\/li>\n<li class=\"dyn-expand\">Embrague limitador de torsi\u00f3n con ingenier\u00eda para prevenir da\u00f1o en el engranaje para autom\u00e1ticamente liberar los engranes si la broca se atasca<\/li>\n<li class=\"dyn-expand\">Luz L.E.D. ilumina el \u00e1rea de taladrado para mayor productividad en aplicaciones de baja luz<\/li>\n<li class=\"dyn-expand\">Selector de la funci\u00f3n de martillo en receso localizada debajo de la carcasa de engranaje para mejorar la durabilidad<\/li>\n<\/ul>\n","protected":false},"excerpt":{"rendered":"<p>El Rotomartillo AVT\u00ae de 1&#8243; de Makita (modelo HR2611F, con Agarre de Pistola) est\u00e1 dise\u00f1ado con la Tecnolog\u00eda Anti-Vibraci\u00f3n (AVT\u00ae), un sistema neutralizador de equilibrio que reduce la vibraci\u00f3n de manera significativa. El HR2611F combina rendimiento y potencia con menos vibraci\u00f3n en un tama\u00f1o compacto y es ideal para un rango de aplicaciones incluido taladrado [&hellip;]<\/p>\n","protected":false},"featured_media":21971,"comment_status":"open","ping_status":"closed","template":"","meta":[],"product_brand":[],"product_cat":[188,204],"product_tag":[],"class_list":{"0":"post-21969","1":"product","2":"type-product","3":"status-publish","4":"has-post-thumbnail","6":"product_cat-herramienta-a-bateria","7":"product_cat-makita","9":"first","10":"instock","11":"taxable","12":"shipping-taxable","13":"purchasable","14":"product-type-simple","15":"add-to-wishlist-after_add_to_cart"},"aioseo_notices":[],"_links":{"self":[{"href":"https:\/\/electrovalcorp.com\/ecommerce\/wp-json\/wp\/v2\/product\/21969","targetHints":{"allow":["GET"]}}],"collection":[{"href":"https:\/\/electrovalcorp.com\/ecommerce\/wp-json\/wp\/v2\/product"}],"about":[{"href":"https:\/\/electrovalcorp.com\/ecommerce\/wp-json\/wp\/v2\/types\/product"}],"replies":[{"embeddable":true,"href":"https:\/\/electrovalcorp.com\/ecommerce\/wp-json\/wp\/v2\/comments?post=21969"}],"wp:featuredmedia":[{"embeddable":true,"href":"https:\/\/electrovalcorp.com\/ecommerce\/wp-json\/wp\/v2\/media\/21971"}],"wp:attachment":[{"href":"https:\/\/electrovalcorp.com\/ecommerce\/wp-json\/wp\/v2\/media?parent=21969"}],"wp:term":[{"taxonomy":"product_brand","embeddable":true,"href":"https:\/\/electrovalcorp.com\/ecommerce\/wp-json\/wp\/v2\/product_brand?post=21969"},{"taxonomy":"product_cat","embeddable":true,"href":"https:\/\/electrovalcorp.com\/ecommerce\/wp-json\/wp\/v2\/product_cat?post=21969"},{"taxonomy":"product_tag","embeddable":true,"href":"https:\/\/electrovalcorp.com\/ecommerce\/wp-json\/wp\/v2\/product_tag?post=21969"}],"curies":[{"name":"wp","href":"https:\/\/api.w.org\/{rel}","templated":true}]}}