{"id":21974,"date":"2026-01-12T17:31:22","date_gmt":"2026-01-12T17:31:22","guid":{"rendered":"https:\/\/electrovalcorp.com\/ecommerce\/?post_type=product&#038;p=21974"},"modified":"2026-03-06T17:17:23","modified_gmt":"2026-03-06T17:17:23","slug":"rotomartillo-1-3-4-avt-13-5a-sds-max-hr4510c-makita","status":"publish","type":"product","link":"https:\/\/electrovalcorp.com\/ecommerce\/producto\/rotomartillo-1-3-4-avt-13-5a-sds-max-hr4510c-makita\/","title":{"rendered":"ROTOMARTILLO 1\u20113\/4&#8243; AVT 13.5a SDS\u2011MAX-HR4510C- MAKITA"},"content":{"rendered":"<p>El HR4510C con AVT\u00ae est\u00e1 dise\u00f1ado con un motor de 13,5 amperios que ofrece una velocidad sin carga de 130 a 280 RPM y de 1250 a 2750 BPM. Las RPM y BPM sincronizadas evitan impactos superpuestos para una perforaci\u00f3n hasta un 50% m\u00e1s eficiente. El martillo presenta 2 modos de operaci\u00f3n: &#8220;martillar con rotaci\u00f3n&#8221; y &#8220;martillar solo&#8221;, con un limitador de torque incorporado que garantiza un control de torque estable y desconecta el motor en caso de que la broca se atasque o golpee los refuerzos. Adem\u00e1s, el control electr\u00f3nico de velocidad reduce la p\u00e9rdida de velocidad cuando se trabaja en aplicaciones pesadas para garantizar la m\u00e1xima productividad.<\/p>\n","protected":false},"excerpt":{"rendered":"<p>El HR4510C con AVT\u00ae est\u00e1 dise\u00f1ado con un motor de 13,5 amperios que ofrece una velocidad sin carga de 130 a 280 RPM y de 1250 a 2750 BPM. Las RPM y BPM sincronizadas evitan impactos superpuestos para una perforaci\u00f3n hasta un 50% m\u00e1s eficiente. El martillo presenta 2 modos de operaci\u00f3n: &#8220;martillar con rotaci\u00f3n&#8221; [&hellip;]<\/p>\n","protected":false},"featured_media":21975,"comment_status":"open","ping_status":"closed","template":"","meta":[],"product_brand":[],"product_cat":[188,204],"product_tag":[],"class_list":{"0":"post-21974","1":"product","2":"type-product","3":"status-publish","4":"has-post-thumbnail","6":"product_cat-herramienta-a-bateria","7":"product_cat-makita","9":"first","10":"instock","11":"taxable","12":"shipping-taxable","13":"purchasable","14":"product-type-simple","15":"add-to-wishlist-after_add_to_cart"},"aioseo_notices":[],"_links":{"self":[{"href":"https:\/\/electrovalcorp.com\/ecommerce\/wp-json\/wp\/v2\/product\/21974","targetHints":{"allow":["GET"]}}],"collection":[{"href":"https:\/\/electrovalcorp.com\/ecommerce\/wp-json\/wp\/v2\/product"}],"about":[{"href":"https:\/\/electrovalcorp.com\/ecommerce\/wp-json\/wp\/v2\/types\/product"}],"replies":[{"embeddable":true,"href":"https:\/\/electrovalcorp.com\/ecommerce\/wp-json\/wp\/v2\/comments?post=21974"}],"wp:featuredmedia":[{"embeddable":true,"href":"https:\/\/electrovalcorp.com\/ecommerce\/wp-json\/wp\/v2\/media\/21975"}],"wp:attachment":[{"href":"https:\/\/electrovalcorp.com\/ecommerce\/wp-json\/wp\/v2\/media?parent=21974"}],"wp:term":[{"taxonomy":"product_brand","embeddable":true,"href":"https:\/\/electrovalcorp.com\/ecommerce\/wp-json\/wp\/v2\/product_brand?post=21974"},{"taxonomy":"product_cat","embeddable":true,"href":"https:\/\/electrovalcorp.com\/ecommerce\/wp-json\/wp\/v2\/product_cat?post=21974"},{"taxonomy":"product_tag","embeddable":true,"href":"https:\/\/electrovalcorp.com\/ecommerce\/wp-json\/wp\/v2\/product_tag?post=21974"}],"curies":[{"name":"wp","href":"https:\/\/api.w.org\/{rel}","templated":true}]}}