{"id":21976,"date":"2026-01-12T17:45:20","date_gmt":"2026-01-12T17:45:20","guid":{"rendered":"https:\/\/electrovalcorp.com\/ecommerce\/?post_type=product&#038;p=21976"},"modified":"2026-03-06T17:49:11","modified_gmt":"2026-03-06T17:49:11","slug":"rotomartillo-2-52mm-sds-max-15a-19-1j-hr5202c-makita","status":"publish","type":"product","link":"https:\/\/electrovalcorp.com\/ecommerce\/producto\/rotomartillo-2-52mm-sds-max-15a-19-1j-hr5202c-makita\/","title":{"rendered":"ROTOMARTILLO 2&#8243; 52MM SDS-MAX 15A 19.1J-HR5202C- MAKITA"},"content":{"rendered":"<p><span dir=\"auto\" style=\"vertical-align: inherit;\"><span dir=\"auto\" style=\"vertical-align: inherit;\">Eficiente martillo combinado de 1.510 W para SDS-MAX. Capacidad de perforaci\u00f3n de 52 mm y energ\u00eda de impacto de 19,9 J. Con sus funciones de perforaci\u00f3n y percusi\u00f3n, esta herramienta es una opci\u00f3n ideal para trabajos de renovaci\u00f3n y construcci\u00f3n.<\/span><\/span><\/p>\n<ul>\n<li class=\"usp\"><span dir=\"auto\" style=\"vertical-align: inherit;\"><span dir=\"auto\" style=\"vertical-align: inherit;\">Taladro de impacto y funci\u00f3n de pincho<\/span><\/span><\/li>\n<li class=\"usp\"><span dir=\"auto\" style=\"vertical-align: inherit;\"><span dir=\"auto\" style=\"vertical-align: inherit;\">La luz de servicio indica la necesidad de sustituir las escobillas de carb\u00f3n y aver\u00edas en el interruptor y el cable de conexi\u00f3n.<\/span><\/span><\/li>\n<li class=\"usp\"><span dir=\"auto\" style=\"vertical-align: inherit;\"><span dir=\"auto\" style=\"vertical-align: inherit;\">El dial de control de velocidad variable permite al usuario adaptar la velocidad a la aplicaci\u00f3n para una mayor versatilidad<\/span><\/span><\/li>\n<li class=\"usp\"><span dir=\"auto\" style=\"vertical-align: inherit;\"><span dir=\"auto\" style=\"vertical-align: inherit;\">El control de velocidad constante mantiene la velocidad constante bajo carga.<\/span><\/span><\/li>\n<\/ul>\n","protected":false},"excerpt":{"rendered":"<p>Eficiente martillo combinado de 1.510 W para SDS-MAX. Capacidad de perforaci\u00f3n de 52 mm y energ\u00eda de impacto de 19,9 J. Con sus funciones de perforaci\u00f3n y percusi\u00f3n, esta herramienta es una opci\u00f3n ideal para trabajos de renovaci\u00f3n y construcci\u00f3n. Taladro de impacto y funci\u00f3n de pincho La luz de servicio indica la necesidad de [&hellip;]<\/p>\n","protected":false},"featured_media":21978,"comment_status":"open","ping_status":"closed","template":"","meta":[],"product_brand":[],"product_cat":[188,204],"product_tag":[],"class_list":{"0":"post-21976","1":"product","2":"type-product","3":"status-publish","4":"has-post-thumbnail","6":"product_cat-herramienta-a-bateria","7":"product_cat-makita","9":"first","10":"instock","11":"taxable","12":"shipping-taxable","13":"purchasable","14":"product-type-simple","15":"add-to-wishlist-after_add_to_cart"},"aioseo_notices":[],"_links":{"self":[{"href":"https:\/\/electrovalcorp.com\/ecommerce\/wp-json\/wp\/v2\/product\/21976","targetHints":{"allow":["GET"]}}],"collection":[{"href":"https:\/\/electrovalcorp.com\/ecommerce\/wp-json\/wp\/v2\/product"}],"about":[{"href":"https:\/\/electrovalcorp.com\/ecommerce\/wp-json\/wp\/v2\/types\/product"}],"replies":[{"embeddable":true,"href":"https:\/\/electrovalcorp.com\/ecommerce\/wp-json\/wp\/v2\/comments?post=21976"}],"wp:featuredmedia":[{"embeddable":true,"href":"https:\/\/electrovalcorp.com\/ecommerce\/wp-json\/wp\/v2\/media\/21978"}],"wp:attachment":[{"href":"https:\/\/electrovalcorp.com\/ecommerce\/wp-json\/wp\/v2\/media?parent=21976"}],"wp:term":[{"taxonomy":"product_brand","embeddable":true,"href":"https:\/\/electrovalcorp.com\/ecommerce\/wp-json\/wp\/v2\/product_brand?post=21976"},{"taxonomy":"product_cat","embeddable":true,"href":"https:\/\/electrovalcorp.com\/ecommerce\/wp-json\/wp\/v2\/product_cat?post=21976"},{"taxonomy":"product_tag","embeddable":true,"href":"https:\/\/electrovalcorp.com\/ecommerce\/wp-json\/wp\/v2\/product_tag?post=21976"}],"curies":[{"name":"wp","href":"https:\/\/api.w.org\/{rel}","templated":true}]}}