{"id":21981,"date":"2026-01-12T17:51:58","date_gmt":"2026-01-12T17:51:58","guid":{"rendered":"https:\/\/electrovalcorp.com\/ecommerce\/?post_type=product&#038;p=21981"},"modified":"2026-03-25T16:43:37","modified_gmt":"2026-03-25T16:43:37","slug":"hervidor-recargable-kt001gz-makita","status":"publish","type":"product","link":"https:\/\/electrovalcorp.com\/ecommerce\/producto\/hervidor-recargable-kt001gz-makita\/","title":{"rendered":"HERVIDOR RECARGABLE- KT001GZ- (SIN BATERIA NI CARGADOR) MAKITA"},"content":{"rendered":"<p>El nuevo KT001G de Makita es f\u00e1cil de transportar y llevar. Dispone de la funci\u00f3n de apagado autom\u00e1tico despu\u00e9s de la ebullici\u00f3n con zumbido de advertencia. Equipado con un bot\u00f3n de bloqueo antiderrame para minimizar el derrame accidental de agua caliente. Incluye un hervidor de 0,8 L con tapa extra\u00edble. La estructura de doble capa de acero inoxidable en el interior y la capa de pl\u00e1stico en el exterior proporciona una gran retenci\u00f3n del calor y mantiene la superficie del hervidor fr\u00eda.<\/p>\n<ul>\n<li class=\"usp\">El agua puede hervirse sin fuego incluso en obras donde no se disponga de toma de AC<\/li>\n<li class=\"usp\">Apagado autom\u00e1tico tras la ebullici\u00f3n con avisador ac\u00fastico<\/li>\n<li class=\"usp\">Equipado con un bot\u00f3n de bloqueo antiderrame para minimizar el vertido accidental de agua caliente<\/li>\n<li class=\"usp\">El circuito de protecci\u00f3n de la bater\u00eda protege contra la sobrecarga, la sobredescarga y el sobrecalentamiento.<\/li>\n<\/ul>\n","protected":false},"excerpt":{"rendered":"<p>El nuevo KT001G de Makita es f\u00e1cil de transportar y llevar. Dispone de la funci\u00f3n de apagado autom\u00e1tico despu\u00e9s de la ebullici\u00f3n con zumbido de advertencia. Equipado con un bot\u00f3n de bloqueo antiderrame para minimizar el derrame accidental de agua caliente. Incluye un hervidor de 0,8 L con tapa extra\u00edble. La estructura de doble capa [&hellip;]<\/p>\n","protected":false},"featured_media":21983,"comment_status":"open","ping_status":"closed","template":"","meta":[],"product_brand":[],"product_cat":[188,204],"product_tag":[],"class_list":{"0":"post-21981","1":"product","2":"type-product","3":"status-publish","4":"has-post-thumbnail","6":"product_cat-herramienta-a-bateria","7":"product_cat-makita","9":"first","10":"instock","11":"taxable","12":"shipping-taxable","13":"purchasable","14":"product-type-simple","15":"add-to-wishlist-after_add_to_cart"},"aioseo_notices":[],"_links":{"self":[{"href":"https:\/\/electrovalcorp.com\/ecommerce\/wp-json\/wp\/v2\/product\/21981","targetHints":{"allow":["GET"]}}],"collection":[{"href":"https:\/\/electrovalcorp.com\/ecommerce\/wp-json\/wp\/v2\/product"}],"about":[{"href":"https:\/\/electrovalcorp.com\/ecommerce\/wp-json\/wp\/v2\/types\/product"}],"replies":[{"embeddable":true,"href":"https:\/\/electrovalcorp.com\/ecommerce\/wp-json\/wp\/v2\/comments?post=21981"}],"wp:featuredmedia":[{"embeddable":true,"href":"https:\/\/electrovalcorp.com\/ecommerce\/wp-json\/wp\/v2\/media\/21983"}],"wp:attachment":[{"href":"https:\/\/electrovalcorp.com\/ecommerce\/wp-json\/wp\/v2\/media?parent=21981"}],"wp:term":[{"taxonomy":"product_brand","embeddable":true,"href":"https:\/\/electrovalcorp.com\/ecommerce\/wp-json\/wp\/v2\/product_brand?post=21981"},{"taxonomy":"product_cat","embeddable":true,"href":"https:\/\/electrovalcorp.com\/ecommerce\/wp-json\/wp\/v2\/product_cat?post=21981"},{"taxonomy":"product_tag","embeddable":true,"href":"https:\/\/electrovalcorp.com\/ecommerce\/wp-json\/wp\/v2\/product_tag?post=21981"}],"curies":[{"name":"wp","href":"https:\/\/api.w.org\/{rel}","templated":true}]}}