{"id":21987,"date":"2026-01-12T19:53:10","date_gmt":"2026-01-12T19:53:10","guid":{"rendered":"https:\/\/electrovalcorp.com\/ecommerce\/?post_type=product&#038;p=21987"},"modified":"2026-03-06T16:50:12","modified_gmt":"2026-03-06T16:50:12","slug":"router-40v-xgt-1-2-sin-bateria-ni-cargador-rp001gz-makita","status":"publish","type":"product","link":"https:\/\/electrovalcorp.com\/ecommerce\/producto\/router-40v-xgt-1-2-sin-bateria-ni-cargador-rp001gz-makita\/","title":{"rendered":"ROUTER 40V XGT 1\/2&#8243;  (SIN BATERIA NI CARGADOR)- RP001GZ- MAKITA"},"content":{"rendered":"<p>Potente fresadora XGT\u00ae con portabrocas de pinza de 12 mm y una capacidad de inmersi\u00f3n de 60 mm, realiza con precisi\u00f3n y sin esfuerzo incluso los cortes m\u00e1s profundos. Adem\u00e1s, con la funci\u00f3n Anti-rearranque, la seguridad es primordial. Esta fresadora se puede conectar a los aspiradores Makita con la boquilla de polvo para un entorno de trabajo m\u00e1s limpio. La RP001G tiene un dial de control de velocidad variable convenientemente situado que permite al usuario adaptar la velocidad a la aplicaci\u00f3n mientras sujeta el cuerpo de la herramienta.<\/p>\n<ul>\n<li class=\"usp\">Arranque suave para una puesta en marcha sin problemas<\/li>\n<li class=\"usp\">La funci\u00f3n anti-restart minimiza los arranques accidentales<\/li>\n<li class=\"usp\">El dial de control de velocidad variable permite al usuario adaptar la velocidad a la aplicaci\u00f3n para una mayor versatilidad<\/li>\n<\/ul>\n","protected":false},"excerpt":{"rendered":"<p>Potente fresadora XGT\u00ae con portabrocas de pinza de 12 mm y una capacidad de inmersi\u00f3n de 60 mm, realiza con precisi\u00f3n y sin esfuerzo incluso los cortes m\u00e1s profundos. Adem\u00e1s, con la funci\u00f3n Anti-rearranque, la seguridad es primordial. Esta fresadora se puede conectar a los aspiradores Makita con la boquilla de polvo para un entorno [&hellip;]<\/p>\n","protected":false},"featured_media":21989,"comment_status":"open","ping_status":"closed","template":"","meta":[],"product_brand":[],"product_cat":[188,204],"product_tag":[],"class_list":{"0":"post-21987","1":"product","2":"type-product","3":"status-publish","4":"has-post-thumbnail","6":"product_cat-herramienta-a-bateria","7":"product_cat-makita","9":"first","10":"instock","11":"taxable","12":"shipping-taxable","13":"purchasable","14":"product-type-simple","15":"add-to-wishlist-after_add_to_cart"},"aioseo_notices":[],"_links":{"self":[{"href":"https:\/\/electrovalcorp.com\/ecommerce\/wp-json\/wp\/v2\/product\/21987","targetHints":{"allow":["GET"]}}],"collection":[{"href":"https:\/\/electrovalcorp.com\/ecommerce\/wp-json\/wp\/v2\/product"}],"about":[{"href":"https:\/\/electrovalcorp.com\/ecommerce\/wp-json\/wp\/v2\/types\/product"}],"replies":[{"embeddable":true,"href":"https:\/\/electrovalcorp.com\/ecommerce\/wp-json\/wp\/v2\/comments?post=21987"}],"wp:featuredmedia":[{"embeddable":true,"href":"https:\/\/electrovalcorp.com\/ecommerce\/wp-json\/wp\/v2\/media\/21989"}],"wp:attachment":[{"href":"https:\/\/electrovalcorp.com\/ecommerce\/wp-json\/wp\/v2\/media?parent=21987"}],"wp:term":[{"taxonomy":"product_brand","embeddable":true,"href":"https:\/\/electrovalcorp.com\/ecommerce\/wp-json\/wp\/v2\/product_brand?post=21987"},{"taxonomy":"product_cat","embeddable":true,"href":"https:\/\/electrovalcorp.com\/ecommerce\/wp-json\/wp\/v2\/product_cat?post=21987"},{"taxonomy":"product_tag","embeddable":true,"href":"https:\/\/electrovalcorp.com\/ecommerce\/wp-json\/wp\/v2\/product_tag?post=21987"}],"curies":[{"name":"wp","href":"https:\/\/api.w.org\/{rel}","templated":true}]}}