{"id":22004,"date":"2026-01-12T21:49:02","date_gmt":"2026-01-12T21:49:02","guid":{"rendered":"https:\/\/electrovalcorp.com\/ecommerce\/?post_type=product&#038;p=22004"},"modified":"2026-03-13T16:16:49","modified_gmt":"2026-03-13T16:16:49","slug":"caja-de-herramientas-mediana-maktrak-t-90037-makita","status":"publish","type":"product","link":"https:\/\/electrovalcorp.com\/ecommerce\/producto\/caja-de-herramientas-mediana-maktrak-t-90037-makita\/","title":{"rendered":"CAJA DE HERRAMIENTAS MEDIANA MAKTRAK- T-90037- MAKITA"},"content":{"rendered":"<p>MAKTRAK\u2122 de Makita es la Nueva Generaci\u00f3n en almacenamiento modular. La Caja de Herramientas Mediana MAKTRAK\u2122 (T-90037) es una soluci\u00f3n de almacenamiento modular para transporte, acceso, almacenamiento y organizaci\u00f3n de equipo y herramientas para el sitio de trabajo. Tiene una capacidad de almacenamiento de 1,123 cu.in. y hasta 75 lbs. Est\u00e1 equipada con pestillos grandes compatibles con guantes para f\u00e1cil acceso de herramientas, accesorios, bater\u00edas, cargadores y partes peque\u00f1as.<\/p>\n<ul class=\"ul-features\">\n<li class=\"dyn-expand\">Para guardar herramientas, accesorios, bater\u00edas, cargadores y partes peque\u00f1as<\/li>\n<li class=\"dyn-expand\">Tapa con m\u00faltiples puntos de montaje para m\u00e1s organizaci\u00f3n interior<\/li>\n<li class=\"dyn-expand\">Bandejas profundas guardan una variedad de herramientas manuales<\/li>\n<li class=\"dyn-expand\">Bandejas de poca profundidad con m\u00faltiples separadores para partes peque\u00f1as<\/li>\n<li><\/li>\n<\/ul>\n","protected":false},"excerpt":{"rendered":"<p>MAKTRAK\u2122 de Makita es la Nueva Generaci\u00f3n en almacenamiento modular. La Caja de Herramientas Mediana MAKTRAK\u2122 (T-90037) es una soluci\u00f3n de almacenamiento modular para transporte, acceso, almacenamiento y organizaci\u00f3n de equipo y herramientas para el sitio de trabajo. Tiene una capacidad de almacenamiento de 1,123 cu.in. y hasta 75 lbs. Est\u00e1 equipada con pestillos grandes [&hellip;]<\/p>\n","protected":false},"featured_media":22005,"comment_status":"open","ping_status":"closed","template":"","meta":[],"product_brand":[],"product_cat":[196,204],"product_tag":[],"class_list":{"0":"post-22004","1":"product","2":"type-product","3":"status-publish","4":"has-post-thumbnail","6":"product_cat-almacenaje","7":"product_cat-makita","9":"first","10":"instock","11":"taxable","12":"shipping-taxable","13":"purchasable","14":"product-type-simple","15":"add-to-wishlist-after_add_to_cart"},"aioseo_notices":[],"_links":{"self":[{"href":"https:\/\/electrovalcorp.com\/ecommerce\/wp-json\/wp\/v2\/product\/22004","targetHints":{"allow":["GET"]}}],"collection":[{"href":"https:\/\/electrovalcorp.com\/ecommerce\/wp-json\/wp\/v2\/product"}],"about":[{"href":"https:\/\/electrovalcorp.com\/ecommerce\/wp-json\/wp\/v2\/types\/product"}],"replies":[{"embeddable":true,"href":"https:\/\/electrovalcorp.com\/ecommerce\/wp-json\/wp\/v2\/comments?post=22004"}],"wp:featuredmedia":[{"embeddable":true,"href":"https:\/\/electrovalcorp.com\/ecommerce\/wp-json\/wp\/v2\/media\/22005"}],"wp:attachment":[{"href":"https:\/\/electrovalcorp.com\/ecommerce\/wp-json\/wp\/v2\/media?parent=22004"}],"wp:term":[{"taxonomy":"product_brand","embeddable":true,"href":"https:\/\/electrovalcorp.com\/ecommerce\/wp-json\/wp\/v2\/product_brand?post=22004"},{"taxonomy":"product_cat","embeddable":true,"href":"https:\/\/electrovalcorp.com\/ecommerce\/wp-json\/wp\/v2\/product_cat?post=22004"},{"taxonomy":"product_tag","embeddable":true,"href":"https:\/\/electrovalcorp.com\/ecommerce\/wp-json\/wp\/v2\/product_tag?post=22004"}],"curies":[{"name":"wp","href":"https:\/\/api.w.org\/{rel}","templated":true}]}}