{"id":22374,"date":"2026-04-09T14:48:16","date_gmt":"2026-04-09T14:48:16","guid":{"rendered":"https:\/\/electrovalcorp.com\/ecommerce\/?post_type=product&#038;p=22374"},"modified":"2026-04-09T14:48:17","modified_gmt":"2026-04-09T14:48:17","slug":"linterna-de-enfoque-giratorio-de-1100-lumenes-redlithium-milwaukee-cod-2161-21","status":"publish","type":"product","link":"https:\/\/electrovalcorp.com\/ecommerce\/producto\/linterna-de-enfoque-giratorio-de-1100-lumenes-redlithium-milwaukee-cod-2161-21\/","title":{"rendered":"LINTERNA DE ENFOQUE GIRATORIO DE 1100 LUMENES REDLITHIUM\u2122- MILWAUKEE- COD: 2161-21"},"content":{"rendered":"<p>Nuestra linterna de enfoque giratorio de 1100\u00a0L recargable mediante USB REDLITHIUM\u2122 alimentada con USB REDLITHIUM\u2122 ofrece iluminaci\u00f3n HIGH OUTPUT\u2122 que se mantiene m\u00e1s brillante por m\u00e1s tiempo. Aprovechando los avances en la tecnolog\u00eda LED, esta linterna recargable mantiene un cuerpo compacto mientras que ofrece 1100\u00a0L de salida TRUEVIEW\u2122 de alta definici\u00f3n que brinda la capacidad de ver hasta 175\u00a0metros (574\u00a0pies)<\/p>\n<ul>\n<li>\n<div class=\"flex mb-3\">\n<p class=\"font-helvetica55 tracking-normal text-gray-900 text-16\">Genera 1,100\u00a0l\u00famenes de luz TRUEVIEW\u2122 de alta definici\u00f3n<\/p>\n<\/div>\n<\/li>\n<li>\n<div class=\"flex mb-3\">\n<p class=\"font-helvetica55 tracking-normal text-gray-900 text-16\">Enfoque giratorio de precisi\u00f3n para un control completo del tama\u00f1o y la intensidad del haz<\/p>\n<\/div>\n<\/li>\n<li>\n<div class=\"flex mb-3\">\n<p class=\"font-helvetica55 tracking-normal text-gray-900 text-16\">Alimentada por la bater\u00eda USB REDLITHIUM\u2122 de MILWAUKEE\u00ae<\/p>\n<\/div>\n<\/li>\n<li>\n<div class=\"flex mb-3\">\n<p class=\"font-helvetica55 tracking-normal text-gray-900 text-16\">Con clasificaci\u00f3n para ca\u00eddas de 4\u00a0M e IP67: Resistente al agua y al polvo<\/p>\n<\/div>\n<\/li>\n<li>\n<div class=\"flex mb-3\">\n<p class=\"font-helvetica55 tracking-normal text-gray-900 text-16\">Alcance del haz de 175\u00a0metros<\/p>\n<\/div>\n<\/li>\n<li>\n<div class=\"flex mb-3\">\n<p class=\"font-helvetica55 tracking-normal text-gray-900 text-16\">El bot\u00f3n inteligente multifuncional entrega el estado de carga de la bater\u00eda, selecci\u00f3n de modo y memoria de modos<\/p>\n<\/div>\n<\/li>\n<\/ul>\n","protected":false},"excerpt":{"rendered":"<p>Nuestra linterna de enfoque giratorio de 1100\u00a0L recargable mediante USB REDLITHIUM\u2122 alimentada con USB REDLITHIUM\u2122 ofrece iluminaci\u00f3n HIGH OUTPUT\u2122 que se mantiene m\u00e1s brillante por m\u00e1s tiempo. Aprovechando los avances en la tecnolog\u00eda LED, esta linterna recargable mantiene un cuerpo compacto mientras que ofrece 1100\u00a0L de salida TRUEVIEW\u2122 de alta definici\u00f3n que brinda la capacidad [&hellip;]<\/p>\n","protected":false},"featured_media":22375,"comment_status":"open","ping_status":"closed","template":"","meta":[],"product_brand":[],"product_cat":[195,190],"product_tag":[],"class_list":{"0":"post-22374","1":"product","2":"type-product","3":"status-publish","4":"has-post-thumbnail","6":"product_cat-iluminacion","7":"product_cat-milwaukee","9":"first","10":"instock","11":"taxable","12":"shipping-taxable","13":"purchasable","14":"product-type-simple","15":"add-to-wishlist-after_add_to_cart"},"aioseo_notices":[],"_links":{"self":[{"href":"https:\/\/electrovalcorp.com\/ecommerce\/wp-json\/wp\/v2\/product\/22374","targetHints":{"allow":["GET"]}}],"collection":[{"href":"https:\/\/electrovalcorp.com\/ecommerce\/wp-json\/wp\/v2\/product"}],"about":[{"href":"https:\/\/electrovalcorp.com\/ecommerce\/wp-json\/wp\/v2\/types\/product"}],"replies":[{"embeddable":true,"href":"https:\/\/electrovalcorp.com\/ecommerce\/wp-json\/wp\/v2\/comments?post=22374"}],"wp:featuredmedia":[{"embeddable":true,"href":"https:\/\/electrovalcorp.com\/ecommerce\/wp-json\/wp\/v2\/media\/22375"}],"wp:attachment":[{"href":"https:\/\/electrovalcorp.com\/ecommerce\/wp-json\/wp\/v2\/media?parent=22374"}],"wp:term":[{"taxonomy":"product_brand","embeddable":true,"href":"https:\/\/electrovalcorp.com\/ecommerce\/wp-json\/wp\/v2\/product_brand?post=22374"},{"taxonomy":"product_cat","embeddable":true,"href":"https:\/\/electrovalcorp.com\/ecommerce\/wp-json\/wp\/v2\/product_cat?post=22374"},{"taxonomy":"product_tag","embeddable":true,"href":"https:\/\/electrovalcorp.com\/ecommerce\/wp-json\/wp\/v2\/product_tag?post=22374"}],"curies":[{"name":"wp","href":"https:\/\/api.w.org\/{rel}","templated":true}]}}