{"id":22634,"date":"2026-05-05T16:24:09","date_gmt":"2026-05-05T16:24:09","guid":{"rendered":"https:\/\/electrovalcorp.com\/ecommerce\/?post_type=product&#038;p=22634"},"modified":"2026-05-05T16:24:10","modified_gmt":"2026-05-05T16:24:10","slug":"juego-de-29pc-de-brocas-con-recubrimineto-de-tutanio-marca-milwaukee-modelo-48-89-0012","status":"publish","type":"product","link":"https:\/\/electrovalcorp.com\/ecommerce\/producto\/juego-de-29pc-de-brocas-con-recubrimineto-de-tutanio-marca-milwaukee-modelo-48-89-0012\/","title":{"rendered":"JUEGO DE 29PC DE BROCAS CON RECUBRIMINETO DE TUTANIO. MARCA: MILWAUKEE. MODELO: 48-89-0012"},"content":{"rendered":"<p>Juego de brocas de titanio MILWAUKEE\u00ae THUNDERBOLT\u00ae de 29 piezas ofrece un rendimiento de alta resistencia en la obra. El recubrimiento de titanio reduce la acumulaci\u00f3n de calor y mantiene la broca afilada hasta 3 veces m\u00e1s tiempo.<\/p>\n<ul>\n<li>\n<div class=\"flex mb-3\">\n<p class=\"font-helvetica55 tracking-normal text-gray-900 text-16\"><span dir=\"auto\">Las brocas THUNDERBOLT\u00ae cuentan con una punta dividida de 135\u00b0 y un n\u00facleo m\u00e1s grueso para mayor durabilidad y larga vida \u00fatil.<\/span><\/p>\n<\/div>\n<\/li>\n<li>\n<div class=\"flex mb-3\">\n<p class=\"font-helvetica55 tracking-normal text-gray-900 text-16\"><span dir=\"auto\">Punta dividida de 135\u00b0 para arranques precisos y agujeros m\u00e1s r\u00e1pidos.<\/span><\/p>\n<\/div>\n<\/li>\n<li>\n<div class=\"flex mb-3\">\n<p class=\"font-helvetica55 tracking-normal text-gray-900 text-16\"><span dir=\"auto\">Recubierto de titanio para una vida \u00fatil 3 veces mayor y resistencia a la corrosi\u00f3n.<\/span><\/p>\n<\/div>\n<\/li>\n<li>\n<div class=\"flex mb-3\">\n<p class=\"font-helvetica55 tracking-normal text-gray-900 text-16\"><span dir=\"auto\">El n\u00facleo m\u00e1s grueso resiste la rotura.<\/span><\/p>\n<\/div>\n<\/li>\n<li>\n<div class=\"flex mb-3\">\n<p class=\"font-helvetica55 tracking-normal text-gray-900 text-16\"><span dir=\"auto\">La forma de flauta parab\u00f3lica elimina las virutas r\u00e1pidamente.<\/span><\/p>\n<\/div>\n<\/li>\n<li>\n<div class=\"flex mb-3\">\n<p class=\"font-helvetica55 tracking-normal text-gray-900 text-16\"><span dir=\"auto\">El sistema 3-FLAT SECURE-GRIP\u2122 evita que la broca se deslice en el portabrocas.<\/span><\/p>\n<\/div>\n<\/li>\n<\/ul>\n","protected":false},"excerpt":{"rendered":"<p>Juego de brocas de titanio MILWAUKEE\u00ae THUNDERBOLT\u00ae de 29 piezas ofrece un rendimiento de alta resistencia en la obra. El recubrimiento de titanio reduce la acumulaci\u00f3n de calor y mantiene la broca afilada hasta 3 veces m\u00e1s tiempo. Las brocas THUNDERBOLT\u00ae cuentan con una punta dividida de 135\u00b0 y un n\u00facleo m\u00e1s grueso para mayor [&hellip;]<\/p>\n","protected":false},"featured_media":22638,"comment_status":"open","ping_status":"closed","template":"","meta":[],"product_brand":[],"product_cat":[197,200,190],"product_tag":[],"class_list":{"0":"post-22634","1":"product","2":"type-product","3":"status-publish","4":"has-post-thumbnail","6":"product_cat-accesorios","7":"product_cat-materiales","8":"product_cat-milwaukee","10":"first","11":"instock","12":"taxable","13":"shipping-taxable","14":"purchasable","15":"product-type-simple","16":"add-to-wishlist-after_add_to_cart"},"aioseo_notices":[],"_links":{"self":[{"href":"https:\/\/electrovalcorp.com\/ecommerce\/wp-json\/wp\/v2\/product\/22634","targetHints":{"allow":["GET"]}}],"collection":[{"href":"https:\/\/electrovalcorp.com\/ecommerce\/wp-json\/wp\/v2\/product"}],"about":[{"href":"https:\/\/electrovalcorp.com\/ecommerce\/wp-json\/wp\/v2\/types\/product"}],"replies":[{"embeddable":true,"href":"https:\/\/electrovalcorp.com\/ecommerce\/wp-json\/wp\/v2\/comments?post=22634"}],"wp:featuredmedia":[{"embeddable":true,"href":"https:\/\/electrovalcorp.com\/ecommerce\/wp-json\/wp\/v2\/media\/22638"}],"wp:attachment":[{"href":"https:\/\/electrovalcorp.com\/ecommerce\/wp-json\/wp\/v2\/media?parent=22634"}],"wp:term":[{"taxonomy":"product_brand","embeddable":true,"href":"https:\/\/electrovalcorp.com\/ecommerce\/wp-json\/wp\/v2\/product_brand?post=22634"},{"taxonomy":"product_cat","embeddable":true,"href":"https:\/\/electrovalcorp.com\/ecommerce\/wp-json\/wp\/v2\/product_cat?post=22634"},{"taxonomy":"product_tag","embeddable":true,"href":"https:\/\/electrovalcorp.com\/ecommerce\/wp-json\/wp\/v2\/product_tag?post=22634"}],"curies":[{"name":"wp","href":"https:\/\/api.w.org\/{rel}","templated":true}]}}