{"id":22651,"date":"2026-05-06T15:53:34","date_gmt":"2026-05-06T15:53:34","guid":{"rendered":"https:\/\/electrovalcorp.com\/ecommerce\/?post_type=product&#038;p=22651"},"modified":"2026-05-06T15:53:35","modified_gmt":"2026-05-06T15:53:35","slug":"alicate-de-9-para-electricista-marca-milwaukee-modelo-mt550c","status":"publish","type":"product","link":"https:\/\/electrovalcorp.com\/ecommerce\/producto\/alicate-de-9-para-electricista-marca-milwaukee-modelo-mt550c\/","title":{"rendered":"ALICATE DE 9&#8243; PARA ELECTRICISTA MARCA: MILWAUKEE MODELO: MT550C"},"content":{"rendered":"<p>Alicate de electricista Milwaukee\u00ae de 9\u201d con crimpadora y cortapernos (EE. UU.) est\u00e1n dise\u00f1ados pensando en el electricista, ofreciendo cortes sencillos y un filo duradero. Nuestros alicates cuentan con un punto de pivote optimizado para proporcionar el mejor apalancamiento para cortes dif\u00edciles en materiales como cables y herrajes comunes. Nuestros alicates de corte para electricistas ofrecen la confianza de una larga vida \u00fatil y un agarre m\u00e1ximo gracias a sus bordes y dientes endurecidos con l\u00e1ser. Est\u00e1n dise\u00f1ados para ofrecer una experiencia de apertura y cierre suave desde el primer momento, sin necesidad de periodo de rodaje.<\/p>\n<ul>\n<li>\n<div class=\"flex mb-3\">\n<p class=\"font-helvetica55 tracking-normal text-gray-900 text-16\"><span dir=\"auto\">Cortapernos, cortes n.\u00b0 6 y n.\u00b0 8<\/span><\/p>\n<\/div>\n<\/li>\n<li>\n<div class=\"flex mb-3\">\n<p class=\"font-helvetica55 tracking-normal text-gray-900 text-16\"><span dir=\"auto\">Engarzadora \u2013 terminales aislados y no aislados<\/span><\/p>\n<\/div>\n<\/li>\n<li>\n<div class=\"flex mb-3\">\n<p class=\"font-helvetica55 tracking-normal text-gray-900 text-16\"><span dir=\"auto\">Cabezal escariador para conductos de \u00bd pulgada a 1 pulgada.<\/span><\/p>\n<\/div>\n<\/li>\n<li>\n<div class=\"flex mb-3\">\n<p class=\"font-helvetica55 tracking-normal text-gray-900 text-16\"><span dir=\"auto\">Extractor de cinta pasacables recto<\/span><\/p>\n<\/div>\n<\/li>\n<li>\n<div class=\"flex mb-3\">\n<p class=\"font-helvetica55 tracking-normal text-gray-900 text-16\"><span dir=\"auto\">Cable de seguridad listo<\/span><\/p>\n<\/div>\n<\/li>\n<\/ul>\n","protected":false},"excerpt":{"rendered":"<p>Alicate de electricista Milwaukee\u00ae de 9\u201d con crimpadora y cortapernos (EE. UU.) est\u00e1n dise\u00f1ados pensando en el electricista, ofreciendo cortes sencillos y un filo duradero. Nuestros alicates cuentan con un punto de pivote optimizado para proporcionar el mejor apalancamiento para cortes dif\u00edciles en materiales como cables y herrajes comunes. Nuestros alicates de corte para electricistas [&hellip;]<\/p>\n","protected":false},"featured_media":22654,"comment_status":"open","ping_status":"closed","template":"","meta":[],"product_brand":[],"product_cat":[193,190],"product_tag":[],"class_list":{"0":"post-22651","1":"product","2":"type-product","3":"status-publish","4":"has-post-thumbnail","6":"product_cat-herramienta-manual","7":"product_cat-milwaukee","9":"first","10":"instock","11":"taxable","12":"shipping-taxable","13":"purchasable","14":"product-type-simple","15":"add-to-wishlist-after_add_to_cart"},"aioseo_notices":[],"_links":{"self":[{"href":"https:\/\/electrovalcorp.com\/ecommerce\/wp-json\/wp\/v2\/product\/22651","targetHints":{"allow":["GET"]}}],"collection":[{"href":"https:\/\/electrovalcorp.com\/ecommerce\/wp-json\/wp\/v2\/product"}],"about":[{"href":"https:\/\/electrovalcorp.com\/ecommerce\/wp-json\/wp\/v2\/types\/product"}],"replies":[{"embeddable":true,"href":"https:\/\/electrovalcorp.com\/ecommerce\/wp-json\/wp\/v2\/comments?post=22651"}],"wp:featuredmedia":[{"embeddable":true,"href":"https:\/\/electrovalcorp.com\/ecommerce\/wp-json\/wp\/v2\/media\/22654"}],"wp:attachment":[{"href":"https:\/\/electrovalcorp.com\/ecommerce\/wp-json\/wp\/v2\/media?parent=22651"}],"wp:term":[{"taxonomy":"product_brand","embeddable":true,"href":"https:\/\/electrovalcorp.com\/ecommerce\/wp-json\/wp\/v2\/product_brand?post=22651"},{"taxonomy":"product_cat","embeddable":true,"href":"https:\/\/electrovalcorp.com\/ecommerce\/wp-json\/wp\/v2\/product_cat?post=22651"},{"taxonomy":"product_tag","embeddable":true,"href":"https:\/\/electrovalcorp.com\/ecommerce\/wp-json\/wp\/v2\/product_tag?post=22651"}],"curies":[{"name":"wp","href":"https:\/\/api.w.org\/{rel}","templated":true}]}}