{"id":3581,"date":"2022-02-14T17:05:30","date_gmt":"2022-02-14T17:05:30","guid":{"rendered":"https:\/\/electrovalcorp.com\/ecommerce\/?post_type=product&#038;p=3581"},"modified":"2022-06-22T11:10:24","modified_gmt":"2022-06-22T11:10:24","slug":"cizalla-de-palanca-para-varillas-7172610-610mm%e2%89%8824","status":"publish","type":"product","link":"https:\/\/electrovalcorp.com\/ecommerce\/producto\/cizalla-de-palanca-para-varillas-7172610-610mm%e2%89%8824\/","title":{"rendered":"Cizalla de palanca para varillas 7172610 (610mm\u224824&#8243;)"},"content":{"rendered":"<ul class=\"product--variation-field--variation_field_product_description__1941 field field--name-field-product-description field--type-text-long field--label-hidden field__items\">\n<li class=\"field__item\">Fuerza de corte de hasta 48 HRC<\/li>\n<li class=\"field__item\">Cuchillas endurecidas por inducci\u00f3n, dureza de la cuchilla aprox. 62 HRC<\/li>\n<li class=\"field__item\">Tope forjado con amortiguador c\u00f3modo<\/li>\n<li class=\"field__item\">El cabezal estrecho y el conector le permiten trabajar en lugares dif\u00edciles de alcanzar<\/li>\n<li class=\"field__item\">Brazos ergon\u00f3micos para un trabajo eficiente<\/li>\n<li class=\"field__item\">Mangos s\u00f3lidos de dos componentes y dos tonos<\/li>\n<li class=\"field__item\">Posicionamiento preciso (12 pasos) y ajuste con tornillos exc\u00e9ntricos<\/li>\n<li class=\"field__item\">La combinaci\u00f3n \u00f3ptima del \u00e1ngulo de la cuchilla y la relaci\u00f3n de la palanca con el punto de rotaci\u00f3n, desplazado hacia un lado, garantiza un alto rendimiento de corte con una fuerza m\u00ednima<\/li>\n<li class=\"field__item\">Cabezal de corte reemplazable<\/li>\n<li class=\"field__item\">Conector: acero especial para herramientas, forjado<\/li>\n<li class=\"field__item\">Brazo: tubo de acero, recubierto de polvo<\/li>\n<li class=\"field__item\">Cuchillos: Acero al cromo vanadio de alta resistencia, forjado, endurecido al aceite en varias etapas<\/li>\n<\/ul>\n","protected":false},"excerpt":{"rendered":"<p>Fuerza de corte de hasta 48 HRC Cuchillas endurecidas por inducci\u00f3n, dureza de la cuchilla aprox. 62 HRC Tope forjado con amortiguador c\u00f3modo El cabezal estrecho y el conector le permiten trabajar en lugares dif\u00edciles de alcanzar Brazos ergon\u00f3micos para un trabajo eficiente Mangos s\u00f3lidos de dos componentes y dos tonos Posicionamiento preciso (12 pasos) [&hellip;]<\/p>\n","protected":false},"featured_media":18770,"comment_status":"closed","ping_status":"closed","template":"","meta":[],"product_brand":[],"product_cat":[193,198],"product_tag":[],"class_list":{"0":"post-3581","1":"product","2":"type-product","3":"status-publish","4":"has-post-thumbnail","6":"product_cat-herramienta-manual","7":"product_cat-knipex","9":"first","10":"instock","11":"taxable","12":"shipping-taxable","13":"purchasable","14":"product-type-simple","15":"add-to-wishlist-after_add_to_cart"},"aioseo_notices":[],"_links":{"self":[{"href":"https:\/\/electrovalcorp.com\/ecommerce\/wp-json\/wp\/v2\/product\/3581","targetHints":{"allow":["GET"]}}],"collection":[{"href":"https:\/\/electrovalcorp.com\/ecommerce\/wp-json\/wp\/v2\/product"}],"about":[{"href":"https:\/\/electrovalcorp.com\/ecommerce\/wp-json\/wp\/v2\/types\/product"}],"replies":[{"embeddable":true,"href":"https:\/\/electrovalcorp.com\/ecommerce\/wp-json\/wp\/v2\/comments?post=3581"}],"wp:featuredmedia":[{"embeddable":true,"href":"https:\/\/electrovalcorp.com\/ecommerce\/wp-json\/wp\/v2\/media\/18770"}],"wp:attachment":[{"href":"https:\/\/electrovalcorp.com\/ecommerce\/wp-json\/wp\/v2\/media?parent=3581"}],"wp:term":[{"taxonomy":"product_brand","embeddable":true,"href":"https:\/\/electrovalcorp.com\/ecommerce\/wp-json\/wp\/v2\/product_brand?post=3581"},{"taxonomy":"product_cat","embeddable":true,"href":"https:\/\/electrovalcorp.com\/ecommerce\/wp-json\/wp\/v2\/product_cat?post=3581"},{"taxonomy":"product_tag","embeddable":true,"href":"https:\/\/electrovalcorp.com\/ecommerce\/wp-json\/wp\/v2\/product_tag?post=3581"}],"curies":[{"name":"wp","href":"https:\/\/api.w.org\/{rel}","templated":true}]}}