{"id":3585,"date":"2022-02-14T19:07:01","date_gmt":"2022-02-14T19:07:01","guid":{"rendered":"https:\/\/electrovalcorp.com\/ecommerce\/?post_type=product&#038;p=3585"},"modified":"2024-01-09T17:28:57","modified_gmt":"2024-01-09T17:28:57","slug":"cortadora-de-cable-cu-al-knipex-95-16-160-160mm%e2%89%886","status":"publish","type":"product","link":"https:\/\/electrovalcorp.com\/ecommerce\/producto\/cortadora-de-cable-cu-al-knipex-95-16-160-160mm%e2%89%886\/","title":{"rendered":"Cortadora de cable CU\/AL 1\/0 knipex (160mm\u22486&#8243;) 95 16 160"},"content":{"rendered":"<p>Capacidad de corte 1\/0 AWG<\/p>\n<p>Peque\u00f1o, ligero, duradero: corte c\u00f3modo sin aplastar la estructura interna del cable, tama\u00f1o 160 mm<br \/>\nMucho menos esfuerzo: los bordes de corte escalonados separan suavemente las venas; \u00a1la fuerza de corte requerida es un 40% menor que con cizallas de cable est\u00e1ndar de la misma longitud!<br \/>\nMango ergon\u00f3mico<br \/>\nCorte de cables multin\u00facleo de cobre y aluminio de hasta 15 mm (50 mm\u00b2) de di\u00e1metro<br \/>\nCorta alambres s\u00f3lidos de cobre y aluminio con una secci\u00f3n transversal de 5 x 4 mm\u00b2<br \/>\nCorte sin triturar la estructura interna<br \/>\nConexi\u00f3n de tornillo: duradera y precisa<br \/>\nProtecci\u00f3n contra compresi\u00f3n: garantiza un funcionamiento seguro<br \/>\nNo apto para cortar alambres de acero y alambres de cobre estirados en fr\u00edo<br \/>\nDureza de la cuchilla aprox. 56 HRC<br \/>\nAcero especial para herramientas de alta calidad, forjado, endurecido al aceite<\/p>\n","protected":false},"excerpt":{"rendered":"<p>Capacidad de corte 1\/0 AWG Peque\u00f1o, ligero, duradero: corte c\u00f3modo sin aplastar la estructura interna del cable, tama\u00f1o 160 mm Mucho menos esfuerzo: los bordes de corte escalonados separan suavemente las venas; \u00a1la fuerza de corte requerida es un 40% menor que con cizallas de cable est\u00e1ndar de la misma longitud! Mango ergon\u00f3mico Corte de [&hellip;]<\/p>\n","protected":false},"featured_media":18772,"comment_status":"closed","ping_status":"closed","template":"","meta":[],"product_brand":[],"product_cat":[199,193,198],"product_tag":[],"class_list":{"0":"post-3585","1":"product","2":"type-product","3":"status-publish","4":"has-post-thumbnail","6":"product_cat-aislado","7":"product_cat-herramienta-manual","8":"product_cat-knipex","10":"first","11":"instock","12":"taxable","13":"shipping-taxable","14":"purchasable","15":"product-type-simple","16":"add-to-wishlist-after_add_to_cart"},"aioseo_notices":[],"_links":{"self":[{"href":"https:\/\/electrovalcorp.com\/ecommerce\/wp-json\/wp\/v2\/product\/3585","targetHints":{"allow":["GET"]}}],"collection":[{"href":"https:\/\/electrovalcorp.com\/ecommerce\/wp-json\/wp\/v2\/product"}],"about":[{"href":"https:\/\/electrovalcorp.com\/ecommerce\/wp-json\/wp\/v2\/types\/product"}],"replies":[{"embeddable":true,"href":"https:\/\/electrovalcorp.com\/ecommerce\/wp-json\/wp\/v2\/comments?post=3585"}],"wp:featuredmedia":[{"embeddable":true,"href":"https:\/\/electrovalcorp.com\/ecommerce\/wp-json\/wp\/v2\/media\/18772"}],"wp:attachment":[{"href":"https:\/\/electrovalcorp.com\/ecommerce\/wp-json\/wp\/v2\/media?parent=3585"}],"wp:term":[{"taxonomy":"product_brand","embeddable":true,"href":"https:\/\/electrovalcorp.com\/ecommerce\/wp-json\/wp\/v2\/product_brand?post=3585"},{"taxonomy":"product_cat","embeddable":true,"href":"https:\/\/electrovalcorp.com\/ecommerce\/wp-json\/wp\/v2\/product_cat?post=3585"},{"taxonomy":"product_tag","embeddable":true,"href":"https:\/\/electrovalcorp.com\/ecommerce\/wp-json\/wp\/v2\/product_tag?post=3585"}],"curies":[{"name":"wp","href":"https:\/\/api.w.org\/{rel}","templated":true}]}}